{"id":50561,"date":"2026-08-31T14:01:18","date_gmt":"2026-08-31T12:01:18","guid":{"rendered":"https:\/\/www.soyecoturista.com\/asociacion\/?post_type=tribe_events&#038;p=50561"},"modified":"2026-08-31T16:31:33","modified_gmt":"2026-08-31T14:31:33","slug":"jornadas-abiertas-costa-vasca","status":"publish","type":"tribe_events","link":"https:\/\/www.soyecoturista.com\/asociacion\/event\/jornadas-abiertas-costa-vasca\/","title":{"rendered":"XI Jornadas Abiertas de la Red de Geoparques | Geoparque de la Costa Vasca"},"content":{"rendered":"<p><strong>Fechas: Del 07\/10\/2026 al 08\/10\/2026<\/strong><\/p>\n<ul>\n<li dir=\"auto\">\n<p class=\"font-claude-response-body break-words whitespace-pre-wrap leading-[1.7]\">Geoparque de la Costa Vasca \u2013 Deba, Mutriku y Zumaia, Gipuzkoa (<strong>Euskadi<\/strong>) (Geoparque Mundial UNESCO)<\/p>\n<\/li>\n<\/ul>\n<p dir=\"ltr\">Las <strong>Jornadas Abiertas de la Red de Geoparques<\/strong> son el encuentro anual que re\u00fane a representantes de los <strong>dieciocho geoparques del Estado<\/strong> junto a expertos, educadores, gestores y miembros de la comunidad local. Un espacio de referencia para ampliar el conocimiento, favorecer el intercambio de experiencias, fortalecer la cooperaci\u00f3n entre territorios e impulsar iniciativas conjuntas dentro de la red espa\u00f1ola de geoparques mundiales UNESCO.<\/p>\n<p dir=\"ltr\">En su <strong>und\u00e9cima edici\u00f3n<\/strong>, las jornadas se celebran en el <strong>Geoparque de la Costa Vasca<\/strong> \u2014el territorio de Deba, Mutriku y Zumaia, conocido mundialmente por su espectacular flysch\u2014 bajo el lema <em>Todo Cuenta. Interpretar y comunicar un geoparque<\/em>. Una edici\u00f3n centrada en uno de los grandes retos de estos territorios: c\u00f3mo traducir el patrimonio geol\u00f3gico, natural y cultural en relatos que conecten con las personas, y c\u00f3mo comunicar eficazmente el valor de un geoparque tanto a sus visitantes como a su propia comunidad local.<\/p>\n<p dir=\"ltr\">Evento abierto tanto a <strong>profesionales del sector como a ecoturistas<\/strong> interesados en el geoturismo y la interpretaci\u00f3n del patrimonio.<\/p>\n<p class=\"font-claude-response-body break-words whitespace-normal leading-[1.7]\"><strong>M\u00e1s informaci\u00f3n<\/strong><\/p>\n<ul>\n<li>\n<p dir=\"auto\"><a href=\"https:\/\/geoparkea.eus\/es\/sobre-el-geoparque\/proyectos\/jornadas-abiertas-geoparques\" target=\"_blank\" rel=\"noopener\">M\u00e1s informaci\u00f3n e inscripciones<\/a><\/p>\n<\/li>\n<\/ul>\n<div style=\"text-align: center; margin: 0 auto 2rem;\"><img loading=\"lazy\" decoding=\"async\" class=\"alignnone size-large wp-image-50562\" src=\"https:\/\/www.soyecoturista.com\/asociacion\/wp-content\/uploads\/2026\/08\/XI-Jornadas-Abiertas-REGM-1024x576.png\" alt=\"\" width=\"1024\" height=\"576\" srcset=\"https:\/\/www.soyecoturista.com\/asociacion\/wp-content\/uploads\/2026\/08\/XI-Jornadas-Abiertas-REGM-1024x576.png 1024w, https:\/\/www.soyecoturista.com\/asociacion\/wp-content\/uploads\/2026\/08\/XI-Jornadas-Abiertas-REGM-300x169.png 300w, https:\/\/www.soyecoturista.com\/asociacion\/wp-content\/uploads\/2026\/08\/XI-Jornadas-Abiertas-REGM-768x432.png 768w, https:\/\/www.soyecoturista.com\/asociacion\/wp-content\/uploads\/2026\/08\/XI-Jornadas-Abiertas-REGM-1536x864.png 1536w, https:\/\/www.soyecoturista.com\/asociacion\/wp-content\/uploads\/2026\/08\/XI-Jornadas-Abiertas-REGM.png 1600w\" sizes=\"auto, (max-width: 1024px) 100vw, 1024px\" \/><\/div>\n","protected":false},"excerpt":{"rendered":"<p>Fechas: Del 07\/10\/2026 al 08\/10\/2026 Geoparque de la Costa Vasca \u2013 Deba, Mutriku y Zumaia, Gipuzkoa (Euskadi) (Geoparque Mundial UNESCO) Las Jornadas Abiertas de la Red de Geoparques son el [&hellip;]<\/p>\n","protected":false},"author":99,"featured_media":50562,"comment_status":"closed","ping_status":"closed","template":"","meta":{"_acf_changed":false,"_tribe_events_status":"","_tribe_events_status_reason":"","footnotes":""},"tags":[9,1531,1648,11,14,1439,33,545,1499,1652,57,1658,1656,1281,16,1061,26,1654,105,808,63,106],"tribe_events_cat":[777],"class_list":["post-50561","tribe_events","type-tribe_events","status-publish","has-post-thumbnail","hentry","tag-club-ecoturismo","tag-cultura","tag-desarrollo-rural","tag-ecoturismo","tag-ecoturismo-en-espana","tag-educacion-ambiental","tag-espacios-protegidos","tag-euskadi","tag-eventos","tag-geoparque-costa-vasca","tag-geoturismo","tag-gipuzkoa","tag-interpretacion-del-patrimonio","tag-jornadas-profesionales","tag-naturaleza","tag-parque-natural","tag-parques-nacionales","tag-red-de-geoparques","tag-reserva-biosfera","tag-soyecoturista-2","tag-turismo-de-naturaleza","tag-turismo-sostenible","tribe_events_cat-profesionales","cat_profesionales"],"acf":[],"_links":{"self":[{"href":"https:\/\/www.soyecoturista.com\/asociacion\/wp-json\/wp\/v2\/tribe_events\/50561","targetHints":{"allow":["GET"]}}],"collection":[{"href":"https:\/\/www.soyecoturista.com\/asociacion\/wp-json\/wp\/v2\/tribe_events"}],"about":[{"href":"https:\/\/www.soyecoturista.com\/asociacion\/wp-json\/wp\/v2\/types\/tribe_events"}],"author":[{"embeddable":true,"href":"https:\/\/www.soyecoturista.com\/asociacion\/wp-json\/wp\/v2\/users\/99"}],"replies":[{"embeddable":true,"href":"https:\/\/www.soyecoturista.com\/asociacion\/wp-json\/wp\/v2\/comments?post=50561"}],"version-history":[{"count":2,"href":"https:\/\/www.soyecoturista.com\/asociacion\/wp-json\/wp\/v2\/tribe_events\/50561\/revisions"}],"predecessor-version":[{"id":50572,"href":"https:\/\/www.soyecoturista.com\/asociacion\/wp-json\/wp\/v2\/tribe_events\/50561\/revisions\/50572"}],"wp:featuredmedia":[{"embeddable":true,"href":"https:\/\/www.soyecoturista.com\/asociacion\/wp-json\/wp\/v2\/media\/50562"}],"wp:attachment":[{"href":"https:\/\/www.soyecoturista.com\/asociacion\/wp-json\/wp\/v2\/media?parent=50561"}],"wp:term":[{"taxonomy":"post_tag","embeddable":true,"href":"https:\/\/www.soyecoturista.com\/asociacion\/wp-json\/wp\/v2\/tags?post=50561"},{"taxonomy":"tribe_events_cat","embeddable":true,"href":"https:\/\/www.soyecoturista.com\/asociacion\/wp-json\/wp\/v2\/tribe_events_cat?post=50561"}],"curies":[{"name":"wp","href":"https:\/\/api.w.org\/{rel}","templated":true}]}}

<p><strong>Fechas: Del 07/10/2026 al 08/10/2026</strong></p>
<ul>
<li dir="auto">
<p class="font-claude-response-body break-words whitespace-pre-wrap leading-[1.7]">Geoparque de la Costa Vasca – Deba, Mutriku y Zumaia, Gipuzkoa (<strong>Euskadi</strong>) (Geoparque Mundial UNESCO)</p>
</li>
</ul>
<p dir="ltr">Las <strong>Jornadas Abiertas de la Red de Geoparques</strong> son el encuentro anual que reúne a representantes de los <strong>dieciocho geoparques del Estado</strong> junto a expertos, educadores, gestores y miembros de la comunidad local. Un espacio de referencia para ampliar el conocimiento, favorecer el intercambio de experiencias, fortalecer la cooperación entre territorios e impulsar iniciativas conjuntas dentro de la red española de geoparques mundiales UNESCO.</p>
<p dir="ltr">En su <strong>undécima edición</strong>, las jornadas se celebran en el <strong>Geoparque de la Costa Vasca</strong> —el territorio de Deba, Mutriku y Zumaia, conocido mundialmente por su espectacular flysch— bajo el lema <em>Todo Cuenta. Interpretar y comunicar un geoparque</em>. Una edición centrada en uno de los grandes retos de estos territorios: cómo traducir el patrimonio geológico, natural y cultural en relatos que conecten con las personas, y cómo comunicar eficazmente el valor de un geoparque tanto a sus visitantes como a su propia comunidad local.</p>
<p dir="ltr">Evento abierto tanto a <strong>profesionales del sector como a ecoturistas</strong> interesados en el geoturismo y la interpretación del patrimonio.</p>
<p class="font-claude-response-body break-words whitespace-normal leading-[1.7]"><strong>Más información</strong></p>
<ul>
<li>
<p dir="auto"><a href="https://geoparkea.eus/es/sobre-el-geoparque/proyectos/jornadas-abiertas-geoparques" target="_blank" rel="noopener">Más información e inscripciones</a></p>
</li>
</ul>
<div style="text-align: center; margin: 0 auto 2rem;"><img loading="lazy" decoding="async" class="alignnone size-large wp-image-50562" src="https://www.soyecoturista.com/asociacion/wp-content/uploads/2026/08/XI-Jornadas-Abiertas-REGM-1024x576.png" alt="" width="1024" height="576" srcset="https://www.soyecoturista.com/asociacion/wp-content/uploads/2026/08/XI-Jornadas-Abiertas-REGM-1024x576.png 1024w, https://www.soyecoturista.com/asociacion/wp-content/uploads/2026/08/XI-Jornadas-Abiertas-REGM-300x169.png 300w, https://www.soyecoturista.com/asociacion/wp-content/uploads/2026/08/XI-Jornadas-Abiertas-REGM-768x432.png 768w, https://www.soyecoturista.com/asociacion/wp-content/uploads/2026/08/XI-Jornadas-Abiertas-REGM-1536x864.png 1536w, https://www.soyecoturista.com/asociacion/wp-content/uploads/2026/08/XI-Jornadas-Abiertas-REGM.png 1600w" sizes="auto, (max-width: 1024px) 100vw, 1024px" /></div>
