{"id":49841,"date":"2026-04-22T13:44:45","date_gmt":"2026-04-22T11:44:45","guid":{"rendered":"https:\/\/www.soyecoturista.com\/asociacion\/?post_type=tribe_events&#038;p=49841"},"modified":"2026-04-22T13:44:45","modified_gmt":"2026-04-22T11:44:45","slug":"feria-naturtajo","status":"publish","type":"tribe_events","link":"https:\/\/www.soyecoturista.com\/asociacion\/event\/feria-naturtajo\/","title":{"rendered":"Feria NaturTajo 2026 | Feria de Turismo de Observaci\u00f3n de Naturaleza del Sistema Ib\u00e9rico Sur"},"content":{"rendered":"<p><strong>Fecha: Del 22\/05\/2026 al 24\/05\/2026<\/strong><\/p>\n<ul>\n<li dir=\"auto\">\n<p class=\"font-claude-response-body break-words whitespace-pre-wrap leading-[1.7]\">Centro de Visitantes Dehesa de Corduente \u2013 Corduente, Guadalajara, <strong>Castilla-La Mancha<\/strong> (Parque Natural del Alto Tajo)<\/p>\n<\/li>\n<\/ul>\n<p class=\"font-claude-response-body break-words whitespace-normal leading-[1.7]\"><strong>NaturTajo<\/strong> es la feria de referencia del turismo de observaci\u00f3n de naturaleza en el <strong>Sistema Ib\u00e9rico Sur<\/strong>, un territorio de enorme valor ecol\u00f3gico que incluye espacios declarados Parque Natural y Geoparque UNESCO, y cuyo estado de conservaci\u00f3n lo convierte en uno de los mejores escenarios de Espa\u00f1a para el turismo de naturaleza. En su edici\u00f3n 2026, la feria regresa al <strong>Centro de Visitantes Dehesa de Corduente<\/strong>, en el coraz\u00f3n del Parque Natural del Alto Tajo, durante tres d\u00edas de mayo.<\/p>\n<p class=\"font-claude-response-body break-words whitespace-normal leading-[1.7]\">El evento re\u00fane a <strong>operadores tur\u00edsticos, gu\u00edas, agencias de viajes y empresas especializadas<\/strong> con el p\u00fablico general en un espacio de encuentro, divulgaci\u00f3n y negocio en torno al turismo de observaci\u00f3n de fauna, flora, geolog\u00eda y astronom\u00eda. Su filosof\u00eda es clara: el turismo de naturaleza debe contribuir activamente a la conservaci\u00f3n del entorno y generar beneficios reales para la poblaci\u00f3n local, convirti\u00e9ndose en motor econ\u00f3mico para territorios rurales con gran riqueza natural pero escasa proyecci\u00f3n tur\u00edstica.<\/p>\n<p class=\"font-claude-response-body break-words whitespace-normal leading-[1.7]\">NaturTajo es tambi\u00e9n una oportunidad para conocer de primera mano los recursos naturales del Sistema Ib\u00e9rico Sur y conectar con los actores que est\u00e1n construyendo un modelo de turismo sostenible, responsable y con arraigo territorial en uno de los rincones m\u00e1s aut\u00e9nticos de la Espa\u00f1a interior.<\/p>\n<p class=\"font-claude-response-body break-words whitespace-normal leading-[1.7]\"><strong>M\u00e1s informaci\u00f3n<\/strong><\/p>\n<ul>\n<li>\n<p dir=\"auto\"><a href=\"https:\/\/ferianaturtajo.es\/\" target=\"_blank\" rel=\"noopener\">Web<\/a><\/p>\n<\/li>\n<\/ul>\n<p>&nbsp;<\/p>\n<p><img loading=\"lazy\" decoding=\"async\" class=\"size-large wp-image-49842 aligncenter\" src=\"https:\/\/www.soyecoturista.com\/asociacion\/wp-content\/uploads\/2026\/04\/WhatsApp-Image-2026-04-21-at-10.25.27-724x1024.jpeg\" alt=\"\" width=\"724\" height=\"1024\" srcset=\"https:\/\/www.soyecoturista.com\/asociacion\/wp-content\/uploads\/2026\/04\/WhatsApp-Image-2026-04-21-at-10.25.27-724x1024.jpeg 724w, https:\/\/www.soyecoturista.com\/asociacion\/wp-content\/uploads\/2026\/04\/WhatsApp-Image-2026-04-21-at-10.25.27-212x300.jpeg 212w, https:\/\/www.soyecoturista.com\/asociacion\/wp-content\/uploads\/2026\/04\/WhatsApp-Image-2026-04-21-at-10.25.27-768x1086.jpeg 768w, https:\/\/www.soyecoturista.com\/asociacion\/wp-content\/uploads\/2026\/04\/WhatsApp-Image-2026-04-21-at-10.25.27-1086x1536.jpeg 1086w, https:\/\/www.soyecoturista.com\/asociacion\/wp-content\/uploads\/2026\/04\/WhatsApp-Image-2026-04-21-at-10.25.27.jpeg 1131w\" sizes=\"auto, (max-width: 724px) 100vw, 724px\" \/><\/p>\n","protected":false},"excerpt":{"rendered":"<p>Fecha: Del 22\/05\/2026 al 24\/05\/2026 Centro de Visitantes Dehesa de Corduente \u2013 Corduente, Guadalajara, Castilla-La Mancha (Parque Natural del Alto Tajo) NaturTajo es la feria de referencia del turismo de [&hellip;]<\/p>\n","protected":false},"author":99,"featured_media":49843,"comment_status":"closed","ping_status":"closed","template":"","meta":{"_acf_changed":false,"_tribe_events_status":"","_tribe_events_status_reason":"","footnotes":""},"tags":[1545,133,94,9,1531,1541,11,14,1439,33,1499,159,1403,1441,1553,1539,16,1547,1061,1551,26,37,105,1549,808,1543,63,106],"tribe_events_cat":[776],"class_list":["post-49841","tribe_events","type-tribe_events","status-publish","has-post-thumbnail","hentry","tag-astrofotografia","tag-campana-de-oropesa","tag-castilla-la-mancha","tag-club-ecoturismo","tag-cultura","tag-dehesa","tag-ecoturismo","tag-ecoturismo-en-espana","tag-educacion-ambiental","tag-espacios-protegidos","tag-eventos","tag-fauna","tag-feria","tag-fotografia-de-naturaleza","tag-guadalajara","tag-maraton-fotografico","tag-naturaleza","tag-observacion-de-fauna","tag-parque-natural","tag-parque-natural-alto-tajo","tag-parques-nacionales","tag-red-natura-2000","tag-reserva-biosfera","tag-sistema-iberico-sur","tag-soyecoturista-2","tag-toledo","tag-turismo-de-naturaleza","tag-turismo-sostenible","tribe_events_cat-ecoturistas","cat_ecoturistas"],"acf":[],"_links":{"self":[{"href":"https:\/\/www.soyecoturista.com\/asociacion\/wp-json\/wp\/v2\/tribe_events\/49841","targetHints":{"allow":["GET"]}}],"collection":[{"href":"https:\/\/www.soyecoturista.com\/asociacion\/wp-json\/wp\/v2\/tribe_events"}],"about":[{"href":"https:\/\/www.soyecoturista.com\/asociacion\/wp-json\/wp\/v2\/types\/tribe_events"}],"author":[{"embeddable":true,"href":"https:\/\/www.soyecoturista.com\/asociacion\/wp-json\/wp\/v2\/users\/99"}],"replies":[{"embeddable":true,"href":"https:\/\/www.soyecoturista.com\/asociacion\/wp-json\/wp\/v2\/comments?post=49841"}],"version-history":[{"count":1,"href":"https:\/\/www.soyecoturista.com\/asociacion\/wp-json\/wp\/v2\/tribe_events\/49841\/revisions"}],"predecessor-version":[{"id":49844,"href":"https:\/\/www.soyecoturista.com\/asociacion\/wp-json\/wp\/v2\/tribe_events\/49841\/revisions\/49844"}],"wp:featuredmedia":[{"embeddable":true,"href":"https:\/\/www.soyecoturista.com\/asociacion\/wp-json\/wp\/v2\/media\/49843"}],"wp:attachment":[{"href":"https:\/\/www.soyecoturista.com\/asociacion\/wp-json\/wp\/v2\/media?parent=49841"}],"wp:term":[{"taxonomy":"post_tag","embeddable":true,"href":"https:\/\/www.soyecoturista.com\/asociacion\/wp-json\/wp\/v2\/tags?post=49841"},{"taxonomy":"tribe_events_cat","embeddable":true,"href":"https:\/\/www.soyecoturista.com\/asociacion\/wp-json\/wp\/v2\/tribe_events_cat?post=49841"}],"curies":[{"name":"wp","href":"https:\/\/api.w.org\/{rel}","templated":true}]}}

Feria NaturTajo 2026 | Feria de Turismo de Observación de Naturaleza del Sistema Ibérico Sur

<p><strong>Fecha: Del 22/05/2026 al 24/05/2026</strong></p>
<ul>
<li dir="auto">
<p class="font-claude-response-body break-words whitespace-pre-wrap leading-[1.7]">Centro de Visitantes Dehesa de Corduente – Corduente, Guadalajara, <strong>Castilla-La Mancha</strong> (Parque Natural del Alto Tajo)</p>
</li>
</ul>
<p class="font-claude-response-body break-words whitespace-normal leading-[1.7]"><strong>NaturTajo</strong> es la feria de referencia del turismo de observación de naturaleza en el <strong>Sistema Ibérico Sur</strong>, un territorio de enorme valor ecológico que incluye espacios declarados Parque Natural y Geoparque UNESCO, y cuyo estado de conservación lo convierte en uno de los mejores escenarios de España para el turismo de naturaleza. En su edición 2026, la feria regresa al <strong>Centro de Visitantes Dehesa de Corduente</strong>, en el corazón del Parque Natural del Alto Tajo, durante tres días de mayo.</p>
<p class="font-claude-response-body break-words whitespace-normal leading-[1.7]">El evento reúne a <strong>operadores turísticos, guías, agencias de viajes y empresas especializadas</strong> con el público general en un espacio de encuentro, divulgación y negocio en torno al turismo de observación de fauna, flora, geología y astronomía. Su filosofía es clara: el turismo de naturaleza debe contribuir activamente a la conservación del entorno y generar beneficios reales para la población local, convirtiéndose en motor económico para territorios rurales con gran riqueza natural pero escasa proyección turística.</p>
<p class="font-claude-response-body break-words whitespace-normal leading-[1.7]">NaturTajo es también una oportunidad para conocer de primera mano los recursos naturales del Sistema Ibérico Sur y conectar con los actores que están construyendo un modelo de turismo sostenible, responsable y con arraigo territorial en uno de los rincones más auténticos de la España interior.</p>
<p class="font-claude-response-body break-words whitespace-normal leading-[1.7]"><strong>Más información</strong></p>
<ul>
<li>
<p dir="auto"><a href="https://ferianaturtajo.es/" target="_blank" rel="noopener">Web</a></p>
</li>
</ul>
<p>&nbsp;</p>
<p><img loading="lazy" decoding="async" class="size-large wp-image-49842 aligncenter" src="https://www.soyecoturista.com/asociacion/wp-content/uploads/2026/04/WhatsApp-Image-2026-04-21-at-10.25.27-724x1024.jpeg" alt="" width="724" height="1024" srcset="https://www.soyecoturista.com/asociacion/wp-content/uploads/2026/04/WhatsApp-Image-2026-04-21-at-10.25.27-724x1024.jpeg 724w, https://www.soyecoturista.com/asociacion/wp-content/uploads/2026/04/WhatsApp-Image-2026-04-21-at-10.25.27-212x300.jpeg 212w, https://www.soyecoturista.com/asociacion/wp-content/uploads/2026/04/WhatsApp-Image-2026-04-21-at-10.25.27-768x1086.jpeg 768w, https://www.soyecoturista.com/asociacion/wp-content/uploads/2026/04/WhatsApp-Image-2026-04-21-at-10.25.27-1086x1536.jpeg 1086w, https://www.soyecoturista.com/asociacion/wp-content/uploads/2026/04/WhatsApp-Image-2026-04-21-at-10.25.27.jpeg 1131w" sizes="auto, (max-width: 724px) 100vw, 724px" /></p>
