{"id":49679,"date":"2026-03-17T13:32:30","date_gmt":"2026-03-17T12:32:30","guid":{"rendered":"https:\/\/www.soyecoturista.com\/asociacion\/?post_type=tribe_events&#038;p=49679"},"modified":"2026-03-17T13:32:30","modified_gmt":"2026-03-17T12:32:30","slug":"sabor-cultura-naturaleza-garriga","status":"publish","type":"tribe_events","link":"https:\/\/www.soyecoturista.com\/asociacion\/event\/sabor-cultura-naturaleza-garriga\/","title":{"rendered":"Sabor a Cultura y Naturaleza 2026 | La Garriga entre Flores: modernismo y paisaje de secano"},"content":{"rendered":"<p><strong>Fecha: 26\/04\/2026 \u00b7 <\/strong>De 10:00 h a 13:00 h<\/p>\n<ul>\n<li dir=\"auto\">\n<p dir=\"auto\">Pla\u00e7a del Silenci \u2013 La Garriga, <strong>Barcelona<\/strong> (Parque Natural del Montseny)<\/p>\n<\/li>\n<\/ul>\n<p class=\"font-claude-response-body break-words whitespace-normal leading-[1.7]\"><em>Sabor a Cultura y Naturaleza<\/em> es un programa de visitas guiadas que recorre los rincones m\u00e1s singulares del Parque Natural del Montseny de la mano de profesionales locales. En su 6\u00aa edici\u00f3n, cada salida combina patrimonio, naturaleza y gastronom\u00eda, con una peque\u00f1a degustaci\u00f3n de producto local incluida al final de cada actividad. Un proyecto que lleva a\u00f1os demostrando que el Montseny es mucho m\u00e1s que paisaje: es historia viva, biodiversidad y cultura en estado puro.<\/p>\n<p class=\"font-claude-response-body break-words whitespace-normal leading-[1.7]\">Cuando los campos de secano de La Garriga estallan en flor, esta ruta guiada propone descubrir c\u00f3mo el paisaje y el <strong>patrimonio modernista del municipio<\/strong> se han inspirado mutuamente a lo largo de la historia. Los participantes comprobar\u00e1n de primera mano c\u00f3mo los grandes arquitectos del movimiento quedaron fascinados hace m\u00e1s de un siglo por este entorno natural, dej\u00e1ndose seducir por sus olivos centenarios y sus campos en flor. A mitad del recorrido, una degustaci\u00f3n de <em>pan con aceite de la variedad vera<\/em> entre olivos centenarios pone el broche a una ma\u00f1ana que fusiona cultura, naturaleza y gastronom\u00eda km 0. Accesible en transporte p\u00fablico (l\u00ednea R3, parada La Garriga).<\/p>\n<h2 dir=\"auto\">M\u00e1s informaci\u00f3n<\/h2>\n<ul>\n<li>\n<p dir=\"auto\"><b>Reservas: <\/b><a class=\"underline underline underline-offset-2 decoration-1 decoration-current\/40 hover:decoration-current focus:decoration-current\" href=\"mailto:apren@apren.cat\">apren@apren.cat<\/a> \/ T. 938 429 361<\/p>\n<\/li>\n<li>\n<p dir=\"auto\"><a href=\"https:\/\/turisme-montseny.com\/es\/destacados\/sabor-cultura-naturaleza\/\" target=\"_blank\" rel=\"noopener\">Web<\/a><\/p>\n<\/li>\n<li><a href=\"https:\/\/turisme-montseny.com\/es\/nueva-edicion-de-sabor-a-cultura-y-naturaleza-en-el-montseny\/\" target=\"_blank\" rel=\"noopener\">M\u00e1s informaci\u00f3n<\/a><\/li>\n<\/ul>\n<p>&nbsp;<\/p>\n<div style=\"display: flex; justify-content: center; align-items: center; width: 100%; margin: 40px 0;\"><iframe loading=\"lazy\" style=\"border: none; aspect-ratio: 16\/9; box-shadow: 0 0 20px rgba(0,0,0,0.1); border-radius: 8px;\" src=\"https:\/\/www.soyecoturista.com\/asociacion\/wp-content\/uploads\/2026\/03\/CAST26-Tastets-cultura-natura-web.pdf#toolbar=0&amp;navpanes=0&amp;scrollbar=0&amp;view=FitH\" width=\"90%\" height=\"800px\"><span data-mce-type=\"bookmark\" style=\"display: inline-block; width: 0px; overflow: hidden; line-height: 0;\" class=\"mce_SELRES_start\">\ufeff<\/span><br \/>\n<\/iframe><\/div>\n<div style=\"text-align: center; margin: 0 auto 2rem;\"><a style=\"display: inline-block; padding: .8rem 1.2rem; border-radius: 4px; border: 1px solid #ddd; text-decoration: none;\" href=\"https:\/\/www.soyecoturista.com\/asociacion\/wp-content\/uploads\/2026\/03\/CAST26-Tastets-cultura-natura-web.pdf\" download=\"\">Descargar PDF<br \/>\n<\/a><\/div>\n<p>&nbsp;<\/p>\n","protected":false},"excerpt":{"rendered":"<p>Fecha: 26\/04\/2026 \u00b7 De 10:00 h a 13:00 h Pla\u00e7a del Silenci \u2013 La Garriga, Barcelona (Parque Natural del Montseny) Sabor a Cultura y Naturaleza es un programa de visitas [&hellip;]<\/p>\n","protected":false},"author":99,"featured_media":49670,"comment_status":"closed","ping_status":"closed","template":"","meta":{"_acf_changed":false,"_tribe_events_status":"","_tribe_events_status_reason":"","footnotes":""},"tags":[9,1531,11,14,1439,33,1499,16,1061,26,105,808,106],"tribe_events_cat":[776],"class_list":["post-49679","tribe_events","type-tribe_events","status-publish","has-post-thumbnail","hentry","tag-club-ecoturismo","tag-cultura","tag-ecoturismo","tag-ecoturismo-en-espana","tag-educacion-ambiental","tag-espacios-protegidos","tag-eventos","tag-naturaleza","tag-parque-natural","tag-parques-nacionales","tag-reserva-biosfera","tag-soyecoturista-2","tag-turismo-sostenible","tribe_events_cat-ecoturistas","cat_ecoturistas"],"acf":[],"_links":{"self":[{"href":"https:\/\/www.soyecoturista.com\/asociacion\/wp-json\/wp\/v2\/tribe_events\/49679","targetHints":{"allow":["GET"]}}],"collection":[{"href":"https:\/\/www.soyecoturista.com\/asociacion\/wp-json\/wp\/v2\/tribe_events"}],"about":[{"href":"https:\/\/www.soyecoturista.com\/asociacion\/wp-json\/wp\/v2\/types\/tribe_events"}],"author":[{"embeddable":true,"href":"https:\/\/www.soyecoturista.com\/asociacion\/wp-json\/wp\/v2\/users\/99"}],"replies":[{"embeddable":true,"href":"https:\/\/www.soyecoturista.com\/asociacion\/wp-json\/wp\/v2\/comments?post=49679"}],"version-history":[{"count":1,"href":"https:\/\/www.soyecoturista.com\/asociacion\/wp-json\/wp\/v2\/tribe_events\/49679\/revisions"}],"predecessor-version":[{"id":49681,"href":"https:\/\/www.soyecoturista.com\/asociacion\/wp-json\/wp\/v2\/tribe_events\/49679\/revisions\/49681"}],"wp:featuredmedia":[{"embeddable":true,"href":"https:\/\/www.soyecoturista.com\/asociacion\/wp-json\/wp\/v2\/media\/49670"}],"wp:attachment":[{"href":"https:\/\/www.soyecoturista.com\/asociacion\/wp-json\/wp\/v2\/media?parent=49679"}],"wp:term":[{"taxonomy":"post_tag","embeddable":true,"href":"https:\/\/www.soyecoturista.com\/asociacion\/wp-json\/wp\/v2\/tags?post=49679"},{"taxonomy":"tribe_events_cat","embeddable":true,"href":"https:\/\/www.soyecoturista.com\/asociacion\/wp-json\/wp\/v2\/tribe_events_cat?post=49679"}],"curies":[{"name":"wp","href":"https:\/\/api.w.org\/{rel}","templated":true}]}}

<p><strong>Fecha: 26/04/2026 · </strong>De 10:00 h a 13:00 h</p>
<ul>
<li dir="auto">
<p dir="auto">Plaça del Silenci – La Garriga, <strong>Barcelona</strong> (Parque Natural del Montseny)</p>
</li>
</ul>
<p class="font-claude-response-body break-words whitespace-normal leading-[1.7]"><em>Sabor a Cultura y Naturaleza</em> es un programa de visitas guiadas que recorre los rincones más singulares del Parque Natural del Montseny de la mano de profesionales locales. En su 6ª edición, cada salida combina patrimonio, naturaleza y gastronomía, con una pequeña degustación de producto local incluida al final de cada actividad. Un proyecto que lleva años demostrando que el Montseny es mucho más que paisaje: es historia viva, biodiversidad y cultura en estado puro.</p>
<p class="font-claude-response-body break-words whitespace-normal leading-[1.7]">Cuando los campos de secano de La Garriga estallan en flor, esta ruta guiada propone descubrir cómo el paisaje y el <strong>patrimonio modernista del municipio</strong> se han inspirado mutuamente a lo largo de la historia. Los participantes comprobarán de primera mano cómo los grandes arquitectos del movimiento quedaron fascinados hace más de un siglo por este entorno natural, dejándose seducir por sus olivos centenarios y sus campos en flor. A mitad del recorrido, una degustación de <em>pan con aceite de la variedad vera</em> entre olivos centenarios pone el broche a una mañana que fusiona cultura, naturaleza y gastronomía km 0. Accesible en transporte público (línea R3, parada La Garriga).</p>
<h2 dir="auto">Más información</h2>
<ul>
<li>
<p dir="auto"><b>Reservas: </b><a class="underline underline underline-offset-2 decoration-1 decoration-current/40 hover:decoration-current focus:decoration-current" href="mailto:apren@apren.cat">apren@apren.cat</a> / T. 938 429 361</p>
</li>
<li>
<p dir="auto"><a href="https://turisme-montseny.com/es/destacados/sabor-cultura-naturaleza/" target="_blank" rel="noopener">Web</a></p>
</li>
<li><a href="https://turisme-montseny.com/es/nueva-edicion-de-sabor-a-cultura-y-naturaleza-en-el-montseny/" target="_blank" rel="noopener">Más información</a></li>
</ul>
<p>&nbsp;</p>
<div style="display: flex; justify-content: center; align-items: center; width: 100%; margin: 40px 0;"><iframe loading="lazy" style="border: none; aspect-ratio: 16/9; box-shadow: 0 0 20px rgba(0,0,0,0.1); border-radius: 8px;" src="https://www.soyecoturista.com/asociacion/wp-content/uploads/2026/03/CAST26-Tastets-cultura-natura-web.pdf#toolbar=0&amp;navpanes=0&amp;scrollbar=0&amp;view=FitH" width="90%" height="800px"><span data-mce-type="bookmark" style="display: inline-block; width: 0px; overflow: hidden; line-height: 0;" class="mce_SELRES_start">﻿</span><br />
</iframe></div>
<div style="text-align: center; margin: 0 auto 2rem;"><a style="display: inline-block; padding: .8rem 1.2rem; border-radius: 4px; border: 1px solid #ddd; text-decoration: none;" href="https://www.soyecoturista.com/asociacion/wp-content/uploads/2026/03/CAST26-Tastets-cultura-natura-web.pdf" download="">Descargar PDF<br />
</a></div>
<p>&nbsp;</p>

<p>Fecha: 26/04/2026 · De 10:00 h a 13:00 h Plaça del Silenci – La Garriga, Barcelona (Parque Natural del Montseny) Sabor a Cultura y Naturaleza es un programa de visitas [&hellip;]</p>
