{"id":49368,"date":"2026-01-26T12:43:30","date_gmt":"2026-01-26T11:43:30","guid":{"rendered":"https:\/\/www.soyecoturista.com\/asociacion\/?post_type=tribe_events&#038;p=49368"},"modified":"2026-01-26T12:44:45","modified_gmt":"2026-01-26T11:44:45","slug":"iii-congreso-ecoturismo","status":"publish","type":"tribe_events","link":"https:\/\/www.soyecoturista.com\/asociacion\/event\/iii-congreso-ecoturismo\/","title":{"rendered":"III Congreso de Ecoturismo de la Subb\u00e9tica"},"content":{"rendered":"<p><strong>Fecha: <\/strong>Del 04\/03\/2026 al 05\/03\/2026<\/p>\n<ul>\n<li dir=\"auto\">\n<p dir=\"auto\">Teatro Municipal de Luque \u201cCine Carrera\u201d \u2013 Luque, C\u00f3rdoba (Parque Natural de las Sierras Subb\u00e9ticas y Geoparque Mundial UNESCO)<\/p>\n<\/li>\n<\/ul>\n<p dir=\"auto\">El<strong> III Congreso de Ecoturismo<\/strong> de la Subb\u00e9tica es un foro esencial para promover la transformaci\u00f3n sostenible de la comarca, invitando a emprendedores, empresas, t\u00e9cnicos y ecoturistas a contribuir a la conservaci\u00f3n del territorio. Celebrado en el coraz\u00f3n del Parque Natural y Geoparque Mundial <strong>UNESCO<\/strong> de las Sierras Subb\u00e9ticas, el evento se centra en bloques tem\u00e1ticos clave como <strong>geoturismo, oleoturismo, astroturismo Starlight, cicloturismo y birding<\/strong>, ofreciendo ponencias de alto nivel, networking de proyectos locales y talleres pr\u00e1cticos para inspirar<strong> acciones reales.<\/strong><\/p>\n<p dir=\"auto\">Durante <em>dos d\u00edas<\/em>, los asistentes explorar\u00e1n c\u00f3mo el ecoturismo impulsa la innovaci\u00f3n, el desarrollo local y la preservaci\u00f3n de la biodiversidad, con \u00e9nfasis en la identidad de la Subb\u00e9tica como destino de referencia. Incluye sesiones de reflexi\u00f3n sobre estrategias sostenibles, conexi\u00f3n con iniciativas locales y experiencias inmersivas como interpretaci\u00f3n del patrimonio y observaci\u00f3n de estrellas en enclaves emblem\u00e1ticos como el Castillo de Luque y Zuheros.<\/p>\n<p dir=\"auto\">Dirigido a profesionales del sector, instituciones y p\u00fablico interesado, este congreso fomenta alianzas p\u00fablico-privadas para un turismo responsable que equilibre conservaci\u00f3n, econom\u00eda y cultura, fortaleciendo la comarca como modelo de ecoturismo inclusivo y regenerativo.<\/p>\n<h2 dir=\"auto\">M\u00e1s informaci\u00f3n<\/h2>\n<ul>\n<li>\n<p dir=\"auto\"><a href=\"http:\/\/www.congresosdelasubbetica.com\/\" target=\"_blank\" rel=\"noopener\"><strong>Web<\/strong><\/a><\/p>\n<\/li>\n<li>\n<p dir=\"auto\"><a href=\"https:\/\/www.congresosdelasubbetica.com\/formulario-de-inscripcion\/\" target=\"_blank\" rel=\"noopener\"><strong>Inscripci\u00f3n<\/strong><\/a><\/p>\n<\/li>\n<li>\n<p dir=\"auto\"><a href=\"https:\/\/www.congresosdelasubbetica.com\/ecoturismo-2026\/\" target=\"_blank\" rel=\"noopener\"><strong>Programa<\/strong><\/a><\/p>\n<\/li>\n<\/ul>\n<p><img loading=\"lazy\" decoding=\"async\" class=\"size-large wp-image-49369 aligncenter\" src=\"https:\/\/www.soyecoturista.com\/asociacion\/wp-content\/uploads\/2026\/01\/Sin-titulo-1-1024x576.jpg\" alt=\"\" width=\"1024\" height=\"576\" srcset=\"https:\/\/www.soyecoturista.com\/asociacion\/wp-content\/uploads\/2026\/01\/Sin-titulo-1-1024x576.jpg 1024w, https:\/\/www.soyecoturista.com\/asociacion\/wp-content\/uploads\/2026\/01\/Sin-titulo-1-300x169.jpg 300w, https:\/\/www.soyecoturista.com\/asociacion\/wp-content\/uploads\/2026\/01\/Sin-titulo-1-768x432.jpg 768w, https:\/\/www.soyecoturista.com\/asociacion\/wp-content\/uploads\/2026\/01\/Sin-titulo-1-1536x864.jpg 1536w, https:\/\/www.soyecoturista.com\/asociacion\/wp-content\/uploads\/2026\/01\/Sin-titulo-1.jpg 1920w\" sizes=\"auto, (max-width: 1024px) 100vw, 1024px\" \/><\/p>\n","protected":false},"excerpt":{"rendered":"<p>Fecha: Del 04\/03\/2026 al 05\/03\/2026 Teatro Municipal de Luque \u201cCine Carrera\u201d \u2013 Luque, C\u00f3rdoba (Parque Natural de las Sierras Subb\u00e9ticas y Geoparque Mundial UNESCO) El III Congreso de Ecoturismo de [&hellip;]<\/p>\n","protected":false},"author":99,"featured_media":49369,"comment_status":"closed","ping_status":"closed","template":"","meta":{"_acf_changed":false,"_tribe_events_status":"","_tribe_events_status_reason":"","footnotes":""},"tags":[9,11,14,1439,33,1499,1497,16,1061,26,105,808,106],"tribe_events_cat":[777],"class_list":["post-49368","tribe_events","type-tribe_events","status-publish","has-post-thumbnail","hentry","tag-club-ecoturismo","tag-ecoturismo","tag-ecoturismo-en-espana","tag-educacion-ambiental","tag-espacios-protegidos","tag-eventos","tag-grullas","tag-naturaleza","tag-parque-natural","tag-parques-nacionales","tag-reserva-biosfera","tag-soyecoturista-2","tag-turismo-sostenible","tribe_events_cat-profesionales","cat_profesionales"],"acf":[],"_links":{"self":[{"href":"https:\/\/www.soyecoturista.com\/asociacion\/wp-json\/wp\/v2\/tribe_events\/49368","targetHints":{"allow":["GET"]}}],"collection":[{"href":"https:\/\/www.soyecoturista.com\/asociacion\/wp-json\/wp\/v2\/tribe_events"}],"about":[{"href":"https:\/\/www.soyecoturista.com\/asociacion\/wp-json\/wp\/v2\/types\/tribe_events"}],"author":[{"embeddable":true,"href":"https:\/\/www.soyecoturista.com\/asociacion\/wp-json\/wp\/v2\/users\/99"}],"replies":[{"embeddable":true,"href":"https:\/\/www.soyecoturista.com\/asociacion\/wp-json\/wp\/v2\/comments?post=49368"}],"version-history":[{"count":2,"href":"https:\/\/www.soyecoturista.com\/asociacion\/wp-json\/wp\/v2\/tribe_events\/49368\/revisions"}],"predecessor-version":[{"id":49373,"href":"https:\/\/www.soyecoturista.com\/asociacion\/wp-json\/wp\/v2\/tribe_events\/49368\/revisions\/49373"}],"wp:featuredmedia":[{"embeddable":true,"href":"https:\/\/www.soyecoturista.com\/asociacion\/wp-json\/wp\/v2\/media\/49369"}],"wp:attachment":[{"href":"https:\/\/www.soyecoturista.com\/asociacion\/wp-json\/wp\/v2\/media?parent=49368"}],"wp:term":[{"taxonomy":"post_tag","embeddable":true,"href":"https:\/\/www.soyecoturista.com\/asociacion\/wp-json\/wp\/v2\/tags?post=49368"},{"taxonomy":"tribe_events_cat","embeddable":true,"href":"https:\/\/www.soyecoturista.com\/asociacion\/wp-json\/wp\/v2\/tribe_events_cat?post=49368"}],"curies":[{"name":"wp","href":"https:\/\/api.w.org\/{rel}","templated":true}]}}

III Congreso de Ecoturismo de la Subbética

<p><strong>Fecha: </strong>Del 04/03/2026 al 05/03/2026</p>
<ul>
<li dir="auto">
<p dir="auto">Teatro Municipal de Luque “Cine Carrera” – Luque, Córdoba (Parque Natural de las Sierras Subbéticas y Geoparque Mundial UNESCO)</p>
</li>
</ul>
<p dir="auto">El<strong> III Congreso de Ecoturismo</strong> de la Subbética es un foro esencial para promover la transformación sostenible de la comarca, invitando a emprendedores, empresas, técnicos y ecoturistas a contribuir a la conservación del territorio. Celebrado en el corazón del Parque Natural y Geoparque Mundial <strong>UNESCO</strong> de las Sierras Subbéticas, el evento se centra en bloques temáticos clave como <strong>geoturismo, oleoturismo, astroturismo Starlight, cicloturismo y birding</strong>, ofreciendo ponencias de alto nivel, networking de proyectos locales y talleres prácticos para inspirar<strong> acciones reales.</strong></p>
<p dir="auto">Durante <em>dos días</em>, los asistentes explorarán cómo el ecoturismo impulsa la innovación, el desarrollo local y la preservación de la biodiversidad, con énfasis en la identidad de la Subbética como destino de referencia. Incluye sesiones de reflexión sobre estrategias sostenibles, conexión con iniciativas locales y experiencias inmersivas como interpretación del patrimonio y observación de estrellas en enclaves emblemáticos como el Castillo de Luque y Zuheros.</p>
<p dir="auto">Dirigido a profesionales del sector, instituciones y público interesado, este congreso fomenta alianzas público-privadas para un turismo responsable que equilibre conservación, economía y cultura, fortaleciendo la comarca como modelo de ecoturismo inclusivo y regenerativo.</p>
<h2 dir="auto">Más información</h2>
<ul>
<li>
<p dir="auto"><a href="http://www.congresosdelasubbetica.com/" target="_blank" rel="noopener"><strong>Web</strong></a></p>
</li>
<li>
<p dir="auto"><a href="https://www.congresosdelasubbetica.com/formulario-de-inscripcion/" target="_blank" rel="noopener"><strong>Inscripción</strong></a></p>
</li>
<li>
<p dir="auto"><a href="https://www.congresosdelasubbetica.com/ecoturismo-2026/" target="_blank" rel="noopener"><strong>Programa</strong></a></p>
</li>
</ul>
<p><img loading="lazy" decoding="async" class="size-large wp-image-49369 aligncenter" src="https://www.soyecoturista.com/asociacion/wp-content/uploads/2026/01/Sin-titulo-1-1024x576.jpg" alt="" width="1024" height="576" srcset="https://www.soyecoturista.com/asociacion/wp-content/uploads/2026/01/Sin-titulo-1-1024x576.jpg 1024w, https://www.soyecoturista.com/asociacion/wp-content/uploads/2026/01/Sin-titulo-1-300x169.jpg 300w, https://www.soyecoturista.com/asociacion/wp-content/uploads/2026/01/Sin-titulo-1-768x432.jpg 768w, https://www.soyecoturista.com/asociacion/wp-content/uploads/2026/01/Sin-titulo-1-1536x864.jpg 1536w, https://www.soyecoturista.com/asociacion/wp-content/uploads/2026/01/Sin-titulo-1.jpg 1920w" sizes="auto, (max-width: 1024px) 100vw, 1024px" /></p>

<p>Fecha: Del 04/03/2026 al 05/03/2026 Teatro Municipal de Luque “Cine Carrera” – Luque, Córdoba (Parque Natural de las Sierras Subbéticas y Geoparque Mundial UNESCO) El III Congreso de Ecoturismo de [&hellip;]</p>
