{"id":49088,"date":"2025-11-21T16:44:34","date_gmt":"2025-11-21T15:44:34","guid":{"rendered":"https:\/\/www.soyecoturista.com\/asociacion\/?post_type=tribe_events&#038;p=49088"},"modified":"2025-11-21T16:44:34","modified_gmt":"2025-11-21T15:44:34","slug":"priego-micologico-2025-menu-solidario","status":"publish","type":"tribe_events","link":"https:\/\/www.soyecoturista.com\/asociacion\/event\/priego-micologico-2025-menu-solidario\/","title":{"rendered":"Priego Micol\u00f3gico 2025 | Setas con Sabor \u2013 Men\u00fa micol\u00f3gico solidario"},"content":{"rendered":"<p><strong>Fecha: <\/strong>Del 04\/12\/2025 a las 14:00<\/p>\n<ul>\n<li>\n<p dir=\"auto\">I.E.S. Carmen Panti\u00f3n (<strong>Priego de C\u00f3rdoba<\/strong>)<\/p>\n<\/li>\n<\/ul>\n<p dir=\"auto\">Los alumnos de los ciclos de Cocina y Restauraci\u00f3n del IES Carmen Panti\u00f3n elaboran y sirven un men\u00fa degustaci\u00f3n 100 % <strong>micol\u00f3gico<\/strong>: entrantes, principal y postre con setas como protagonistas. Una experiencia gastron\u00f3mica \u00fanica, educativa y solidaria.<\/p>\n<p dir=\"auto\"><strong>Precio: 25 \u20ac (bebida aparte). Plazas muy limitadas.<\/strong><\/p>\n<p>M\u00e1s informaci\u00f3n: <a href=\"https:\/\/turismodepriego.com\/es\/index.php\/que-esta-pasando\/item\/2803-priego-micologico-2025\" target=\"_blank\" rel=\"noopener\">turismodepriego.com<\/a><\/p>\n<p><img loading=\"lazy\" decoding=\"async\" class=\"size-large wp-image-49089 aligncenter\" src=\"https:\/\/www.soyecoturista.com\/asociacion\/wp-content\/uploads\/2025\/11\/Micologico-2025-Setas-con-sabor-REDES-819x1024.jpg\" alt=\"\" width=\"819\" height=\"1024\" srcset=\"https:\/\/www.soyecoturista.com\/asociacion\/wp-content\/uploads\/2025\/11\/Micologico-2025-Setas-con-sabor-REDES-819x1024.jpg 819w, https:\/\/www.soyecoturista.com\/asociacion\/wp-content\/uploads\/2025\/11\/Micologico-2025-Setas-con-sabor-REDES-240x300.jpg 240w, https:\/\/www.soyecoturista.com\/asociacion\/wp-content\/uploads\/2025\/11\/Micologico-2025-Setas-con-sabor-REDES-768x960.jpg 768w, https:\/\/www.soyecoturista.com\/asociacion\/wp-content\/uploads\/2025\/11\/Micologico-2025-Setas-con-sabor-REDES.jpg 1080w\" sizes=\"auto, (max-width: 819px) 100vw, 819px\" \/><\/p>\n<p>&nbsp;<\/p>\n","protected":false},"excerpt":{"rendered":"<p>Fecha: Del 04\/12\/2025 a las 14:00 I.E.S. Carmen Panti\u00f3n (Priego de C\u00f3rdoba) Los alumnos de los ciclos de Cocina y Restauraci\u00f3n del IES Carmen Panti\u00f3n elaboran y sirven un men\u00fa [&hellip;]<\/p>\n","protected":false},"author":99,"featured_media":49090,"comment_status":"closed","ping_status":"closed","template":"","meta":{"_acf_changed":false,"_tribe_events_status":"","_tribe_events_status_reason":"","footnotes":""},"tags":[9,11,14,33,1445,1443,15,549,16,26,105,553,808,1407,106],"tribe_events_cat":[776],"class_list":["post-49088","tribe_events","type-tribe_events","status-publish","has-post-thumbnail","hentry","tag-club-ecoturismo","tag-ecoturismo","tag-ecoturismo-en-espana","tag-espacios-protegidos","tag-evento-solidario","tag-formacion-profesional","tag-gastronomia","tag-micologia","tag-naturaleza","tag-parques-nacionales","tag-reserva-biosfera","tag-setas","tag-soyecoturista-2","tag-subbetica","tag-turismo-sostenible","tribe_events_cat-ecoturistas","cat_ecoturistas"],"acf":[],"_links":{"self":[{"href":"https:\/\/www.soyecoturista.com\/asociacion\/wp-json\/wp\/v2\/tribe_events\/49088","targetHints":{"allow":["GET"]}}],"collection":[{"href":"https:\/\/www.soyecoturista.com\/asociacion\/wp-json\/wp\/v2\/tribe_events"}],"about":[{"href":"https:\/\/www.soyecoturista.com\/asociacion\/wp-json\/wp\/v2\/types\/tribe_events"}],"author":[{"embeddable":true,"href":"https:\/\/www.soyecoturista.com\/asociacion\/wp-json\/wp\/v2\/users\/99"}],"replies":[{"embeddable":true,"href":"https:\/\/www.soyecoturista.com\/asociacion\/wp-json\/wp\/v2\/comments?post=49088"}],"version-history":[{"count":1,"href":"https:\/\/www.soyecoturista.com\/asociacion\/wp-json\/wp\/v2\/tribe_events\/49088\/revisions"}],"predecessor-version":[{"id":49091,"href":"https:\/\/www.soyecoturista.com\/asociacion\/wp-json\/wp\/v2\/tribe_events\/49088\/revisions\/49091"}],"wp:featuredmedia":[{"embeddable":true,"href":"https:\/\/www.soyecoturista.com\/asociacion\/wp-json\/wp\/v2\/media\/49090"}],"wp:attachment":[{"href":"https:\/\/www.soyecoturista.com\/asociacion\/wp-json\/wp\/v2\/media?parent=49088"}],"wp:term":[{"taxonomy":"post_tag","embeddable":true,"href":"https:\/\/www.soyecoturista.com\/asociacion\/wp-json\/wp\/v2\/tags?post=49088"},{"taxonomy":"tribe_events_cat","embeddable":true,"href":"https:\/\/www.soyecoturista.com\/asociacion\/wp-json\/wp\/v2\/tribe_events_cat?post=49088"}],"curies":[{"name":"wp","href":"https:\/\/api.w.org\/{rel}","templated":true}]}}

Priego Micológico 2025 | Setas con Sabor – Menú micológico solidario

<p><strong>Fecha: </strong>Del 04/12/2025 a las 14:00</p>
<ul>
<li>
<p dir="auto">I.E.S. Carmen Pantión (<strong>Priego de Córdoba</strong>)</p>
</li>
</ul>
<p dir="auto">Los alumnos de los ciclos de Cocina y Restauración del IES Carmen Pantión elaboran y sirven un menú degustación 100 % <strong>micológico</strong>: entrantes, principal y postre con setas como protagonistas. Una experiencia gastronómica única, educativa y solidaria.</p>
<p dir="auto"><strong>Precio: 25 € (bebida aparte). Plazas muy limitadas.</strong></p>
<p>Más información: <a href="https://turismodepriego.com/es/index.php/que-esta-pasando/item/2803-priego-micologico-2025" target="_blank" rel="noopener">turismodepriego.com</a></p>
<p><img loading="lazy" decoding="async" class="size-large wp-image-49089 aligncenter" src="https://www.soyecoturista.com/asociacion/wp-content/uploads/2025/11/Micologico-2025-Setas-con-sabor-REDES-819x1024.jpg" alt="" width="819" height="1024" srcset="https://www.soyecoturista.com/asociacion/wp-content/uploads/2025/11/Micologico-2025-Setas-con-sabor-REDES-819x1024.jpg 819w, https://www.soyecoturista.com/asociacion/wp-content/uploads/2025/11/Micologico-2025-Setas-con-sabor-REDES-240x300.jpg 240w, https://www.soyecoturista.com/asociacion/wp-content/uploads/2025/11/Micologico-2025-Setas-con-sabor-REDES-768x960.jpg 768w, https://www.soyecoturista.com/asociacion/wp-content/uploads/2025/11/Micologico-2025-Setas-con-sabor-REDES.jpg 1080w" sizes="auto, (max-width: 819px) 100vw, 819px" /></p>
<p>&nbsp;</p>

<p>Fecha: Del 04/12/2025 a las 14:00 I.E.S. Carmen Pantión (Priego de Córdoba) Los alumnos de los ciclos de Cocina y Restauración del IES Carmen Pantión elaboran y sirven un menú [&hellip;]</p>
