{"id":48761,"date":"2025-10-16T10:25:52","date_gmt":"2025-10-16T08:25:52","guid":{"rendered":"https:\/\/www.soyecoturista.com\/asociacion\/?post_type=tribe_events&#038;p=48761"},"modified":"2025-10-16T11:26:51","modified_gmt":"2025-10-16T09:26:51","slug":"segundo-episodio-de-la-serie-de-videopodcasts-hablemos-de-ecoturismo","status":"publish","type":"tribe_events","link":"https:\/\/www.soyecoturista.com\/asociacion\/event\/segundo-episodio-de-la-serie-de-videopodcasts-hablemos-de-ecoturismo\/","title":{"rendered":"Episodio 2 Hablemos de Ecoturismo | Soy Ecoturista, la red de experiencias de ecoturismo en Espa\u00f1a"},"content":{"rendered":"<p><strong>Fecha: Se estrenara el 23\/10\/2025<\/strong> <strong>a las <em>16 horas en vivo (15h en Canarias)<\/em><\/strong><\/p>\n<ul class=\"elementor-icon-list-items\">\n<li class=\"elementor-icon-list-item\">\n<p dir=\"auto\">En l\u00ednea \u2013 Canal de <a href=\"https:\/\/www.youtube.com\/@soyecoturista\" target=\"_blank\" rel=\"noopener\">YouTube de Soy Ecoturista<\/a><\/p>\n<\/li>\n<\/ul>\n<p dir=\"auto\">En este segundo episodio de<strong> \u2018Hablemos de Ecoturismo\u2019<\/strong>, titulado <em><strong>&#8220;Soy Ecoturista, la red de experiencias de ecoturismo en Espa\u00f1a&#8221;<\/strong><\/em>, se presenta qu\u00e9 es Soy Ecoturista, explorando su origen, prop\u00f3sito, los actores que la componen y su funcionamiento.<br \/>\nEste cap\u00edtulo destaca c\u00f3mo esta iniciativa ofrece aut\u00e9nticas experiencias de ecoturismo en espacios protegidos de toda Espa\u00f1a, garantizando su contribuci\u00f3n a la conservaci\u00f3n. Participan <strong>Ana Llano<\/strong>, presidenta de la Asociaci\u00f3n de Ecoturismo en Espa\u00f1a, y <strong>Amanda Guzm\u00e1n<\/strong>, gerente de la misma, quienes aportan una visi\u00f3n experta sobre esta red que fomenta el turismo sostenible.<\/p>\n<ul>\n<li style=\"list-style-type: none;\">\n<ul>\n<li><strong>M\u00e1s informaci\u00f3n: <\/strong><a href=\"https:\/\/www.soyecoturista.com\/asociacion\/arranca-hablemos-de-ecoturismo\/\" target=\"_blank\" rel=\"noopener\">https:\/\/www.soyecoturista.com\/asociacion\/arranca-hablemos-de-ecoturismo<\/a><\/li>\n<li><strong>Lista de reproducci\u00f3n<\/strong>: <a href=\"https:\/\/youtu.be\/zrqyFAl5tSU?si=z0M56RCL7bsvKFHY\" target=\"_blank\" rel=\"noopener\">https:\/\/youtu.be\/zrqyFAl5tSU?si=z0M56RCL7bsvKFHY<\/a><\/li>\n<\/ul>\n<\/li>\n<\/ul>\n<p><img loading=\"lazy\" decoding=\"async\" class=\"alignnone wp-image-48763\" src=\"https:\/\/www.soyecoturista.com\/asociacion\/wp-content\/uploads\/2025\/10\/cap2-1024x576.png\" alt=\"\" width=\"837\" height=\"471\" srcset=\"https:\/\/www.soyecoturista.com\/asociacion\/wp-content\/uploads\/2025\/10\/cap2-1024x576.png 1024w, https:\/\/www.soyecoturista.com\/asociacion\/wp-content\/uploads\/2025\/10\/cap2-300x169.png 300w, https:\/\/www.soyecoturista.com\/asociacion\/wp-content\/uploads\/2025\/10\/cap2-768x432.png 768w, https:\/\/www.soyecoturista.com\/asociacion\/wp-content\/uploads\/2025\/10\/cap2-1536x864.png 1536w, https:\/\/www.soyecoturista.com\/asociacion\/wp-content\/uploads\/2025\/10\/cap2.png 1920w\" sizes=\"auto, (max-width: 837px) 100vw, 837px\" \/><\/p>\n<div style=\"text-align: center;\"><\/div>\n<p>&nbsp;<\/p>\n<p>&nbsp;<\/p>\n<p>&nbsp;<\/p>\n","protected":false},"excerpt":{"rendered":"<p>Fecha: Se estrenara el 23\/10\/2025 a las 16 horas en vivo (15h en Canarias) En l\u00ednea \u2013 Canal de YouTube de Soy Ecoturista En este segundo episodio de \u2018Hablemos de [&hellip;]<\/p>\n","protected":false},"author":99,"featured_media":48763,"comment_status":"closed","ping_status":"closed","template":"","meta":{"_acf_changed":false,"_tribe_events_status":"","_tribe_events_status_reason":"","footnotes":""},"tags":[9,11,14,33,16,26,793,105,808,106,132,1399],"tribe_events_cat":[778],"class_list":["post-48761","tribe_events","type-tribe_events","status-publish","has-post-thumbnail","hentry","tag-club-ecoturismo","tag-ecoturismo","tag-ecoturismo-en-espana","tag-espacios-protegidos","tag-naturaleza","tag-parques-nacionales","tag-podcast","tag-reserva-biosfera","tag-soyecoturista-2","tag-turismo-sostenible","tag-urdaibai","tag-videopodcast","tribe_events_cat-ecoturistas-y-profesionales","cat_ecoturistas-y-profesionales"],"acf":[],"_links":{"self":[{"href":"https:\/\/www.soyecoturista.com\/asociacion\/wp-json\/wp\/v2\/tribe_events\/48761","targetHints":{"allow":["GET"]}}],"collection":[{"href":"https:\/\/www.soyecoturista.com\/asociacion\/wp-json\/wp\/v2\/tribe_events"}],"about":[{"href":"https:\/\/www.soyecoturista.com\/asociacion\/wp-json\/wp\/v2\/types\/tribe_events"}],"author":[{"embeddable":true,"href":"https:\/\/www.soyecoturista.com\/asociacion\/wp-json\/wp\/v2\/users\/99"}],"replies":[{"embeddable":true,"href":"https:\/\/www.soyecoturista.com\/asociacion\/wp-json\/wp\/v2\/comments?post=48761"}],"version-history":[{"count":3,"href":"https:\/\/www.soyecoturista.com\/asociacion\/wp-json\/wp\/v2\/tribe_events\/48761\/revisions"}],"predecessor-version":[{"id":48769,"href":"https:\/\/www.soyecoturista.com\/asociacion\/wp-json\/wp\/v2\/tribe_events\/48761\/revisions\/48769"}],"wp:featuredmedia":[{"embeddable":true,"href":"https:\/\/www.soyecoturista.com\/asociacion\/wp-json\/wp\/v2\/media\/48763"}],"wp:attachment":[{"href":"https:\/\/www.soyecoturista.com\/asociacion\/wp-json\/wp\/v2\/media?parent=48761"}],"wp:term":[{"taxonomy":"post_tag","embeddable":true,"href":"https:\/\/www.soyecoturista.com\/asociacion\/wp-json\/wp\/v2\/tags?post=48761"},{"taxonomy":"tribe_events_cat","embeddable":true,"href":"https:\/\/www.soyecoturista.com\/asociacion\/wp-json\/wp\/v2\/tribe_events_cat?post=48761"}],"curies":[{"name":"wp","href":"https:\/\/api.w.org\/{rel}","templated":true}]}}

Episodio 2 Hablemos de Ecoturismo | Soy Ecoturista, la red de experiencias de ecoturismo en España

<p><strong>Fecha: Se estrenara el 23/10/2025</strong> <strong>a las <em>16 horas en vivo (15h en Canarias)</em></strong></p>
<ul class="elementor-icon-list-items">
<li class="elementor-icon-list-item">
<p dir="auto">En línea – Canal de <a href="https://www.youtube.com/@soyecoturista" target="_blank" rel="noopener">YouTube de Soy Ecoturista</a></p>
</li>
</ul>
<p dir="auto">En este segundo episodio de<strong> ‘Hablemos de Ecoturismo’</strong>, titulado <em><strong>&#8220;Soy Ecoturista, la red de experiencias de ecoturismo en España&#8221;</strong></em>, se presenta qué es Soy Ecoturista, explorando su origen, propósito, los actores que la componen y su funcionamiento.<br />
Este capítulo destaca cómo esta iniciativa ofrece auténticas experiencias de ecoturismo en espacios protegidos de toda España, garantizando su contribución a la conservación. Participan <strong>Ana Llano</strong>, presidenta de la Asociación de Ecoturismo en España, y <strong>Amanda Guzmán</strong>, gerente de la misma, quienes aportan una visión experta sobre esta red que fomenta el turismo sostenible.</p>
<ul>
<li style="list-style-type: none;">
<ul>
<li><strong>Más información: </strong><a href="https://www.soyecoturista.com/asociacion/arranca-hablemos-de-ecoturismo/" target="_blank" rel="noopener">https://www.soyecoturista.com/asociacion/arranca-hablemos-de-ecoturismo</a></li>
<li><strong>Lista de reproducción</strong>: <a href="https://youtu.be/zrqyFAl5tSU?si=z0M56RCL7bsvKFHY" target="_blank" rel="noopener">https://youtu.be/zrqyFAl5tSU?si=z0M56RCL7bsvKFHY</a></li>
</ul>
</li>
</ul>
<p><img loading="lazy" decoding="async" class="alignnone wp-image-48763" src="https://www.soyecoturista.com/asociacion/wp-content/uploads/2025/10/cap2-1024x576.png" alt="" width="837" height="471" srcset="https://www.soyecoturista.com/asociacion/wp-content/uploads/2025/10/cap2-1024x576.png 1024w, https://www.soyecoturista.com/asociacion/wp-content/uploads/2025/10/cap2-300x169.png 300w, https://www.soyecoturista.com/asociacion/wp-content/uploads/2025/10/cap2-768x432.png 768w, https://www.soyecoturista.com/asociacion/wp-content/uploads/2025/10/cap2-1536x864.png 1536w, https://www.soyecoturista.com/asociacion/wp-content/uploads/2025/10/cap2.png 1920w" sizes="auto, (max-width: 837px) 100vw, 837px" /></p>
<div style="text-align: center;"></div>
<p>&nbsp;</p>
<p>&nbsp;</p>
<p>&nbsp;</p>

<p>Fecha: Se estrenara el 23/10/2025 a las 16 horas en vivo (15h en Canarias) En línea – Canal de YouTube de Soy Ecoturista En este segundo episodio de ‘Hablemos de [&hellip;]</p>
