{"id":48630,"date":"2025-10-14T17:03:57","date_gmt":"2025-10-14T15:03:57","guid":{"rendered":"https:\/\/www.soyecoturista.com\/asociacion\/?post_type=tribe_events&#038;p=48630"},"modified":"2025-10-15T18:45:52","modified_gmt":"2025-10-15T16:45:52","slug":"festival-ecoliebana-2025","status":"publish","type":"tribe_events","link":"https:\/\/www.soyecoturista.com\/asociacion\/event\/festival-ecoliebana-2025\/","title":{"rendered":"Festival | Ecoli\u00e9bana 2025"},"content":{"rendered":"<p><strong>Fechas: <\/strong>Del 17\/10\/2025 al 18\/10\/2025<\/p>\n<ul class=\"elementor-icon-list-items\">\n<li class=\"elementor-icon-list-item\">\n<p dir=\"auto\">Centro de Estudios Lebaniego y Parking El Ferial \u2013 Potes, Cantabria (Valle de Li\u00e9bana)<\/p>\n<\/li>\n<\/ul>\n<p dir=\"auto\">El <strong>Festival Ecoli\u00e9bana 2025<\/strong> es un vibrante festival de ecoturismo y desarrollo sostenible que celebra la riqueza natural, cultural y gastron\u00f3mica del Valle de Li\u00e9bana, promoviendo pr\u00e1cticas responsables y alianzas locales para un futuro arm\u00f3nico con el entorno. Este evento, organizado por la Asociaci\u00f3n Ecoli\u00e9bana, busca unir a productores, artesanos, hosteleros y comunidades en una plataforma para visibilizar el potencial del territorio como destino aut\u00e9ntico y ecol\u00f3gico. Comienza con una mesa redonda el viernes, donde expertos y entidades como la Secretar\u00eda de Estado de Turismo, Geoparque Costa Quebrada y asociaciones locales debaten sobre sostenibilidad y ecoturismo, fortaleciendo el compromiso con la conservaci\u00f3n del patrimonio natural y cultural.<\/p>\n<p dir=\"auto\">El s\u00e1bado, el festival se transforma en una feria din\u00e1mica con un mercado de productores agroalimentarios y artesanos locales, priorizando productos con denominaciones de origen, agricultura ecol\u00f3gica y marcas de calidad. Los asistentes pueden participar en talleres pr\u00e1cticos como masajes, pintura, zumos artesanales, catas de sidra y miel, folklore lebaniego y costura sostenible, junto a actividades infantiles como juegos de mesa, land art, gymkanas y danzas tradicionales. La programaci\u00f3n incluye jam sessions, comida popular y conciertos de grupos como Cah\u00f3rnega, Pindio Technofolk, Baladans y Garabanduya, creando un ambiente festivo que integra m\u00fasica, tradici\u00f3n y educaci\u00f3n ambiental para inspirar la conexi\u00f3n con la naturaleza.<\/p>\n<p dir=\"auto\">Dirigido al p\u00fablico general, familias, ecoturistas, profesionales del sector y residentes locales, este festival aporta valor al destacar el rol de la mujer rural, fomentar empleos verdes y combatir la despoblaci\u00f3n mediante la promoci\u00f3n de un turismo regenerativo. Representa una oportunidad \u00fanica para experimentar Li\u00e9bana de manera inmersiva, apoyando la econom\u00eda circular y la biodiversidad mientras se disfruta de una experiencia inclusiva y divertida que refuerza la identidad territorial.<\/p>\n<ul>\n<li style=\"list-style-type: none;\">\n<ul>\n<li><strong>M\u00e1s informaci\u00f3n: <\/strong><a href=\"https:\/\/www.instagram.com\/ecoliebana\/\" target=\"_blank\" rel=\"noopener\">https:\/\/www.instagram.com\/ecoliebana\/<\/a><\/li>\n<\/ul>\n<\/li>\n<\/ul>\n<div style=\"max-width: 658px; margin: 0 auto;\"><iframe loading=\"lazy\" style=\"border: none; overflow: hidden; display: block; margin: 0 auto;\" src=\"https:\/\/www.instagram.com\/p\/DPwPaBXCBEO\/embed?cr=1&amp;v=14&amp;wp=658&amp;rd=https:\/\/tu-dominio.com\" width=\"658\" height=\"980\" frameborder=\"0\" scrolling=\"yes\" allowfullscreen=\"allowfullscreen\"><span data-mce-type=\"bookmark\" style=\"display: inline-block; width: 0px; overflow: hidden; line-height: 0;\" class=\"mce_SELRES_start\">\ufeff<\/span><span data-mce-type=\"bookmark\" style=\"display: inline-block; width: 0px; overflow: hidden; line-height: 0;\" class=\"mce_SELRES_start\">\ufeff<\/span><span data-mce-type=\"bookmark\" style=\"display: inline-block; width: 0px; overflow: hidden; line-height: 0;\" class=\"mce_SELRES_start\">\ufeff<\/span><\/iframe><img loading=\"lazy\" decoding=\"async\" class=\"alignnone size-large wp-image-48722\" src=\"https:\/\/www.soyecoturista.com\/asociacion\/wp-content\/uploads\/2025\/10\/programacion_Festival-EcoLiebana-724x1024.jpg\" alt=\"\" width=\"724\" height=\"1024\" srcset=\"https:\/\/www.soyecoturista.com\/asociacion\/wp-content\/uploads\/2025\/10\/programacion_Festival-EcoLiebana-724x1024.jpg 724w, https:\/\/www.soyecoturista.com\/asociacion\/wp-content\/uploads\/2025\/10\/programacion_Festival-EcoLiebana-212x300.jpg 212w, https:\/\/www.soyecoturista.com\/asociacion\/wp-content\/uploads\/2025\/10\/programacion_Festival-EcoLiebana-768x1086.jpg 768w, https:\/\/www.soyecoturista.com\/asociacion\/wp-content\/uploads\/2025\/10\/programacion_Festival-EcoLiebana-1086x1536.jpg 1086w, https:\/\/www.soyecoturista.com\/asociacion\/wp-content\/uploads\/2025\/10\/programacion_Festival-EcoLiebana.jpg 1200w\" sizes=\"auto, (max-width: 724px) 100vw, 724px\" \/><\/div>\n<div style=\"text-align: center;\"><a href=\"https:\/\/www.soyecoturista.com\/asociacion\/wp-content\/uploads\/2025\/10\/programacion_Festival-EcoLiebana.jpg\" target=\"_blank\" rel=\"noopener\"><strong>Descargar Programaci\u00f3n<\/strong><\/a><\/div>\n<div><\/div>\n<div><strong>Programa d\u00eda 17:<br \/>\n<\/strong><\/div>\n<div style=\"position: relative; width: 100%; max-width: 1000px; margin: 2rem auto; height: 0; padding-top: 141%;\"><!-- 141% \u2248 A4 vertical; para apaisado usa 75% --><br \/>\n<iframe style=\"position: absolute; inset: 0; border: 0; width: 100%; height: 100%; border-radius: 10px; box-shadow: 0 8px 24px rgba(0,0,0,.15);\" src=\"https:\/\/www.soyecoturista.com\/asociacion\/wp-content\/uploads\/2025\/10\/Ecoturismo-con-sentido-17-de-octubre.pdf#toolbar=0&amp;navpanes=0\" allowfullscreen=\"allowfullscreen\"><br \/>\n<\/iframe><\/div>\n<div style=\"text-align: center; margin: 0 auto 2rem;\"><a style=\"display: inline-block; padding: .8rem 1.2rem; border-radius: 8px; border: 1px solid #ddd; text-decoration: none;\" href=\"https:\/\/www.soyecoturista.com\/asociacion\/wp-content\/uploads\/2025\/10\/Ecoturismo-con-sentido-17-de-octubre.pdf\" target=\"_blank\" rel=\"noopener\" download=\"\">Descargar Programa<\/a><\/div>\n","protected":false},"excerpt":{"rendered":"<p>Fechas: Del 17\/10\/2025 al 18\/10\/2025 Centro de Estudios Lebaniego y Parking El Ferial \u2013 Potes, Cantabria (Valle de Li\u00e9bana) El Festival Ecoli\u00e9bana 2025 es un vibrante festival de ecoturismo y [&hellip;]<\/p>\n","protected":false},"author":99,"featured_media":48724,"comment_status":"closed","ping_status":"closed","template":"","meta":{"_acf_changed":false,"_tribe_events_status":"","_tribe_events_status_reason":"","footnotes":""},"tags":[39,164,9,11,14,33,106],"tribe_events_cat":[778],"class_list":["post-48630","tribe_events","type-tribe_events","status-publish","has-post-thumbnail","hentry","tag-soyecoturista","tag-actividades","tag-club-ecoturismo","tag-ecoturismo","tag-ecoturismo-en-espana","tag-espacios-protegidos","tag-turismo-sostenible","tribe_events_cat-ecoturistas-y-profesionales","cat_ecoturistas-y-profesionales"],"acf":[],"_links":{"self":[{"href":"https:\/\/www.soyecoturista.com\/asociacion\/wp-json\/wp\/v2\/tribe_events\/48630","targetHints":{"allow":["GET"]}}],"collection":[{"href":"https:\/\/www.soyecoturista.com\/asociacion\/wp-json\/wp\/v2\/tribe_events"}],"about":[{"href":"https:\/\/www.soyecoturista.com\/asociacion\/wp-json\/wp\/v2\/types\/tribe_events"}],"author":[{"embeddable":true,"href":"https:\/\/www.soyecoturista.com\/asociacion\/wp-json\/wp\/v2\/users\/99"}],"replies":[{"embeddable":true,"href":"https:\/\/www.soyecoturista.com\/asociacion\/wp-json\/wp\/v2\/comments?post=48630"}],"version-history":[{"count":6,"href":"https:\/\/www.soyecoturista.com\/asociacion\/wp-json\/wp\/v2\/tribe_events\/48630\/revisions"}],"predecessor-version":[{"id":48748,"href":"https:\/\/www.soyecoturista.com\/asociacion\/wp-json\/wp\/v2\/tribe_events\/48630\/revisions\/48748"}],"wp:featuredmedia":[{"embeddable":true,"href":"https:\/\/www.soyecoturista.com\/asociacion\/wp-json\/wp\/v2\/media\/48724"}],"wp:attachment":[{"href":"https:\/\/www.soyecoturista.com\/asociacion\/wp-json\/wp\/v2\/media?parent=48630"}],"wp:term":[{"taxonomy":"post_tag","embeddable":true,"href":"https:\/\/www.soyecoturista.com\/asociacion\/wp-json\/wp\/v2\/tags?post=48630"},{"taxonomy":"tribe_events_cat","embeddable":true,"href":"https:\/\/www.soyecoturista.com\/asociacion\/wp-json\/wp\/v2\/tribe_events_cat?post=48630"}],"curies":[{"name":"wp","href":"https:\/\/api.w.org\/{rel}","templated":true}]}}

Festival | Ecoliébana 2025

<p><strong>Fechas: </strong>Del 17/10/2025 al 18/10/2025</p>
<ul class="elementor-icon-list-items">
<li class="elementor-icon-list-item">
<p dir="auto">Centro de Estudios Lebaniego y Parking El Ferial – Potes, Cantabria (Valle de Liébana)</p>
</li>
</ul>
<p dir="auto">El <strong>Festival Ecoliébana 2025</strong> es un vibrante festival de ecoturismo y desarrollo sostenible que celebra la riqueza natural, cultural y gastronómica del Valle de Liébana, promoviendo prácticas responsables y alianzas locales para un futuro armónico con el entorno. Este evento, organizado por la Asociación Ecoliébana, busca unir a productores, artesanos, hosteleros y comunidades en una plataforma para visibilizar el potencial del territorio como destino auténtico y ecológico. Comienza con una mesa redonda el viernes, donde expertos y entidades como la Secretaría de Estado de Turismo, Geoparque Costa Quebrada y asociaciones locales debaten sobre sostenibilidad y ecoturismo, fortaleciendo el compromiso con la conservación del patrimonio natural y cultural.</p>
<p dir="auto">El sábado, el festival se transforma en una feria dinámica con un mercado de productores agroalimentarios y artesanos locales, priorizando productos con denominaciones de origen, agricultura ecológica y marcas de calidad. Los asistentes pueden participar en talleres prácticos como masajes, pintura, zumos artesanales, catas de sidra y miel, folklore lebaniego y costura sostenible, junto a actividades infantiles como juegos de mesa, land art, gymkanas y danzas tradicionales. La programación incluye jam sessions, comida popular y conciertos de grupos como Cahórnega, Pindio Technofolk, Baladans y Garabanduya, creando un ambiente festivo que integra música, tradición y educación ambiental para inspirar la conexión con la naturaleza.</p>
<p dir="auto">Dirigido al público general, familias, ecoturistas, profesionales del sector y residentes locales, este festival aporta valor al destacar el rol de la mujer rural, fomentar empleos verdes y combatir la despoblación mediante la promoción de un turismo regenerativo. Representa una oportunidad única para experimentar Liébana de manera inmersiva, apoyando la economía circular y la biodiversidad mientras se disfruta de una experiencia inclusiva y divertida que refuerza la identidad territorial.</p>
<ul>
<li style="list-style-type: none;">
<ul>
<li><strong>Más información: </strong><a href="https://www.instagram.com/ecoliebana/" target="_blank" rel="noopener">https://www.instagram.com/ecoliebana/</a></li>
</ul>
</li>
</ul>
<div style="max-width: 658px; margin: 0 auto;"><iframe loading="lazy" style="border: none; overflow: hidden; display: block; margin: 0 auto;" src="https://www.instagram.com/p/DPwPaBXCBEO/embed?cr=1&amp;v=14&amp;wp=658&amp;rd=https://tu-dominio.com" width="658" height="980" frameborder="0" scrolling="yes" allowfullscreen="allowfullscreen"><span data-mce-type="bookmark" style="display: inline-block; width: 0px; overflow: hidden; line-height: 0;" class="mce_SELRES_start">﻿</span><span data-mce-type="bookmark" style="display: inline-block; width: 0px; overflow: hidden; line-height: 0;" class="mce_SELRES_start">﻿</span><span data-mce-type="bookmark" style="display: inline-block; width: 0px; overflow: hidden; line-height: 0;" class="mce_SELRES_start">﻿</span></iframe><img loading="lazy" decoding="async" class="alignnone size-large wp-image-48722" src="https://www.soyecoturista.com/asociacion/wp-content/uploads/2025/10/programacion_Festival-EcoLiebana-724x1024.jpg" alt="" width="724" height="1024" srcset="https://www.soyecoturista.com/asociacion/wp-content/uploads/2025/10/programacion_Festival-EcoLiebana-724x1024.jpg 724w, https://www.soyecoturista.com/asociacion/wp-content/uploads/2025/10/programacion_Festival-EcoLiebana-212x300.jpg 212w, https://www.soyecoturista.com/asociacion/wp-content/uploads/2025/10/programacion_Festival-EcoLiebana-768x1086.jpg 768w, https://www.soyecoturista.com/asociacion/wp-content/uploads/2025/10/programacion_Festival-EcoLiebana-1086x1536.jpg 1086w, https://www.soyecoturista.com/asociacion/wp-content/uploads/2025/10/programacion_Festival-EcoLiebana.jpg 1200w" sizes="auto, (max-width: 724px) 100vw, 724px" /></div>
<div style="text-align: center;"><a href="https://www.soyecoturista.com/asociacion/wp-content/uploads/2025/10/programacion_Festival-EcoLiebana.jpg" target="_blank" rel="noopener"><strong>Descargar Programación</strong></a></div>
<div></div>
<div><strong>Programa día 17:<br />
</strong></div>
<div style="position: relative; width: 100%; max-width: 1000px; margin: 2rem auto; height: 0; padding-top: 141%;"><!-- 141% ≈ A4 vertical; para apaisado usa 75% --><br />
<iframe style="position: absolute; inset: 0; border: 0; width: 100%; height: 100%; border-radius: 10px; box-shadow: 0 8px 24px rgba(0,0,0,.15);" src="https://www.soyecoturista.com/asociacion/wp-content/uploads/2025/10/Ecoturismo-con-sentido-17-de-octubre.pdf#toolbar=0&amp;navpanes=0" allowfullscreen="allowfullscreen"><br />
</iframe></div>
<div style="text-align: center; margin: 0 auto 2rem;"><a style="display: inline-block; padding: .8rem 1.2rem; border-radius: 8px; border: 1px solid #ddd; text-decoration: none;" href="https://www.soyecoturista.com/asociacion/wp-content/uploads/2025/10/Ecoturismo-con-sentido-17-de-octubre.pdf" target="_blank" rel="noopener" download="">Descargar Programa</a></div>

<p>Fechas: Del 17/10/2025 al 18/10/2025 Centro de Estudios Lebaniego y Parking El Ferial – Potes, Cantabria (Valle de Liébana) El Festival Ecoliébana 2025 es un vibrante festival de ecoturismo y [&hellip;]</p>
