{"id":48195,"date":"2025-09-19T12:22:14","date_gmt":"2025-09-19T10:22:14","guid":{"rendered":"https:\/\/www.soyecoturista.com\/asociacion\/?post_type=tribe_events&#038;p=48195"},"modified":"2025-09-19T12:30:19","modified_gmt":"2025-09-19T10:30:19","slug":"guia-naturaleza-2025","status":"publish","type":"tribe_events","link":"https:\/\/www.soyecoturista.com\/asociacion\/event\/guia-naturaleza-2025\/","title":{"rendered":"Gu\u00eda de Naturaleza | Geoparque de Granada 2025"},"content":{"rendered":"<p><strong>Fechas:<\/strong> Del 3\/10\/2025 al 5\/10\/2025<\/p>\n<ul class=\"elementor-icon-list-items\">\n<li class=\"elementor-icon-list-item\">Centro Sociocultural de El Bejar\u00edn \u2013 Purullena, Granada (Geoparque de Granada)<\/li>\n<\/ul>\n<p data-start=\"438\" data-end=\"1003\">El curso <strong data-start=\"447\" data-end=\"501\">Gu\u00eda de Naturaleza en el Geoparque de Granada 2025<\/strong> es una experiencia formativa intensiva de 20 horas presenciales, concebida como un espacio \u00fanico para aprender a dise\u00f1ar y conducir itinerarios interpretativos en entornos naturales protegidos. Durante tres jornadas, en pleno coraz\u00f3n del Geoparque de Granada, participantes de distintos perfiles se dar\u00e1n cita para adquirir conocimientos sobre flora, fauna y geolog\u00eda local, as\u00ed como herramientas de comunicaci\u00f3n y sensibilizaci\u00f3n para fomentar un v\u00ednculo respetuoso y profundo con el medio natural.<\/p>\n<p data-start=\"1005\" data-end=\"1531\">El programa combina sesiones te\u00f3ricas y pr\u00e1cticas, con contenidos que abarcan desde la identificaci\u00f3n de especies hasta la fotograf\u00eda de naturaleza y el rastreo de fauna. La propuesta se completa con una salida de campo guiada en la que los asistentes podr\u00e1n aplicar lo aprendido, utilizando material \u00f3ptico y t\u00e9cnicas de interpretaci\u00f3n del paisaje. De esta forma, el curso no solo transmite conocimiento cient\u00edfico, sino tambi\u00e9n habilidades de mediaci\u00f3n cultural y ambiental que refuerzan la importancia de la conservaci\u00f3n.<\/p>\n<p data-start=\"1993\" data-end=\"2329\">Con un planteamiento pr\u00e1ctico y participativo, el curso <strong data-start=\"2049\" data-end=\"2103\">Gu\u00eda de Naturaleza en el Geoparque de Granada 2025<\/strong> representa una oportunidad excepcional para profundizar en la interpretaci\u00f3n ambiental, consolidar competencias en ecoturismo y descubrir el valor \u00fanico del Geoparque de Granada como escenario de aprendizaje y conservaci\u00f3n.<\/p>\n<ul>\n<li style=\"list-style-type: none;\">\n<ul>\n<li><strong>M\u00e1s informaci\u00f3n: <\/strong><a href=\"https:\/\/darwineventur.com\/2025-guia-de-naturaleza-en-el-geoparque-de-granada\" target=\"_blank\" rel=\"noopener\">www.darwineventur.com<\/a><\/li>\n<\/ul>\n<\/li>\n<\/ul>\n<p><img loading=\"lazy\" decoding=\"async\" class=\"alignnone wp-image-48196\" src=\"https:\/\/www.soyecoturista.com\/asociacion\/wp-content\/uploads\/2025\/09\/imagen-300x300.png\" alt=\"\" width=\"447\" height=\"447\" srcset=\"https:\/\/www.soyecoturista.com\/asociacion\/wp-content\/uploads\/2025\/09\/imagen-300x300.png 300w, https:\/\/www.soyecoturista.com\/asociacion\/wp-content\/uploads\/2025\/09\/imagen-1024x1024.png 1024w, https:\/\/www.soyecoturista.com\/asociacion\/wp-content\/uploads\/2025\/09\/imagen-150x150.png 150w, https:\/\/www.soyecoturista.com\/asociacion\/wp-content\/uploads\/2025\/09\/imagen-768x768.png 768w, https:\/\/www.soyecoturista.com\/asociacion\/wp-content\/uploads\/2025\/09\/imagen.png 1080w\" sizes=\"auto, (max-width: 447px) 100vw, 447px\" \/><\/p>\n<p><!-- Bot\u00f3n sin tanto espacio arriba y forzando descarga --><a style=\"display: inline-block; padding: .8rem 1.2rem; border-radius: 8px; border: 1px solid #ddd; text-decoration: none; margin-top: .5rem;\" href=\"https:\/\/www.soyecoturista.com\/asociacion\/wp-content\/uploads\/2025\/09\/imagen-768x768.png\" download=\"imagen.png\">Descargar imagen<br \/>\n<\/a><\/p>\n<p><script>\nfunction descargarImagen(url, nombre) {\n  const a = document.createElement(\"a\");\n  a.href = url;\n  a.setAttribute(\"download\", nombre);\n  document.body.appendChild(a);\n  a.click();\n  document.body.removeChild(a);\n}\n<\/script><\/p>\n","protected":false},"excerpt":{"rendered":"<p>Fechas: Del 3\/10\/2025 al 5\/10\/2025 Centro Sociocultural de El Bejar\u00edn \u2013 Purullena, Granada (Geoparque de Granada) El curso Gu\u00eda de Naturaleza en el Geoparque de Granada 2025 es una experiencia [&hellip;]<\/p>\n","protected":false},"author":99,"featured_media":48196,"comment_status":"closed","ping_status":"closed","template":"","meta":{"_acf_changed":false,"_tribe_events_status":"","_tribe_events_status_reason":"","footnotes":""},"tags":[],"tribe_events_cat":[778],"class_list":["post-48195","tribe_events","type-tribe_events","status-publish","has-post-thumbnail","hentry","tribe_events_cat-ecoturistas-y-profesionales","cat_ecoturistas-y-profesionales"],"acf":[],"_links":{"self":[{"href":"https:\/\/www.soyecoturista.com\/asociacion\/wp-json\/wp\/v2\/tribe_events\/48195","targetHints":{"allow":["GET"]}}],"collection":[{"href":"https:\/\/www.soyecoturista.com\/asociacion\/wp-json\/wp\/v2\/tribe_events"}],"about":[{"href":"https:\/\/www.soyecoturista.com\/asociacion\/wp-json\/wp\/v2\/types\/tribe_events"}],"author":[{"embeddable":true,"href":"https:\/\/www.soyecoturista.com\/asociacion\/wp-json\/wp\/v2\/users\/99"}],"replies":[{"embeddable":true,"href":"https:\/\/www.soyecoturista.com\/asociacion\/wp-json\/wp\/v2\/comments?post=48195"}],"version-history":[{"count":7,"href":"https:\/\/www.soyecoturista.com\/asociacion\/wp-json\/wp\/v2\/tribe_events\/48195\/revisions"}],"predecessor-version":[{"id":48206,"href":"https:\/\/www.soyecoturista.com\/asociacion\/wp-json\/wp\/v2\/tribe_events\/48195\/revisions\/48206"}],"wp:featuredmedia":[{"embeddable":true,"href":"https:\/\/www.soyecoturista.com\/asociacion\/wp-json\/wp\/v2\/media\/48196"}],"wp:attachment":[{"href":"https:\/\/www.soyecoturista.com\/asociacion\/wp-json\/wp\/v2\/media?parent=48195"}],"wp:term":[{"taxonomy":"post_tag","embeddable":true,"href":"https:\/\/www.soyecoturista.com\/asociacion\/wp-json\/wp\/v2\/tags?post=48195"},{"taxonomy":"tribe_events_cat","embeddable":true,"href":"https:\/\/www.soyecoturista.com\/asociacion\/wp-json\/wp\/v2\/tribe_events_cat?post=48195"}],"curies":[{"name":"wp","href":"https:\/\/api.w.org\/{rel}","templated":true}]}}

Guía de Naturaleza | Geoparque de Granada 2025

<p><strong>Fechas:</strong> Del 3/10/2025 al 5/10/2025</p>
<ul class="elementor-icon-list-items">
<li class="elementor-icon-list-item">Centro Sociocultural de El Bejarín – Purullena, Granada (Geoparque de Granada)</li>
</ul>
<p data-start="438" data-end="1003">El curso <strong data-start="447" data-end="501">Guía de Naturaleza en el Geoparque de Granada 2025</strong> es una experiencia formativa intensiva de 20 horas presenciales, concebida como un espacio único para aprender a diseñar y conducir itinerarios interpretativos en entornos naturales protegidos. Durante tres jornadas, en pleno corazón del Geoparque de Granada, participantes de distintos perfiles se darán cita para adquirir conocimientos sobre flora, fauna y geología local, así como herramientas de comunicación y sensibilización para fomentar un vínculo respetuoso y profundo con el medio natural.</p>
<p data-start="1005" data-end="1531">El programa combina sesiones teóricas y prácticas, con contenidos que abarcan desde la identificación de especies hasta la fotografía de naturaleza y el rastreo de fauna. La propuesta se completa con una salida de campo guiada en la que los asistentes podrán aplicar lo aprendido, utilizando material óptico y técnicas de interpretación del paisaje. De esta forma, el curso no solo transmite conocimiento científico, sino también habilidades de mediación cultural y ambiental que refuerzan la importancia de la conservación.</p>
<p data-start="1993" data-end="2329">Con un planteamiento práctico y participativo, el curso <strong data-start="2049" data-end="2103">Guía de Naturaleza en el Geoparque de Granada 2025</strong> representa una oportunidad excepcional para profundizar en la interpretación ambiental, consolidar competencias en ecoturismo y descubrir el valor único del Geoparque de Granada como escenario de aprendizaje y conservación.</p>
<ul>
<li style="list-style-type: none;">
<ul>
<li><strong>Más información: </strong><a href="https://darwineventur.com/2025-guia-de-naturaleza-en-el-geoparque-de-granada" target="_blank" rel="noopener">www.darwineventur.com</a></li>
</ul>
</li>
</ul>
<p><img loading="lazy" decoding="async" class="alignnone wp-image-48196" src="https://www.soyecoturista.com/asociacion/wp-content/uploads/2025/09/imagen-300x300.png" alt="" width="447" height="447" srcset="https://www.soyecoturista.com/asociacion/wp-content/uploads/2025/09/imagen-300x300.png 300w, https://www.soyecoturista.com/asociacion/wp-content/uploads/2025/09/imagen-1024x1024.png 1024w, https://www.soyecoturista.com/asociacion/wp-content/uploads/2025/09/imagen-150x150.png 150w, https://www.soyecoturista.com/asociacion/wp-content/uploads/2025/09/imagen-768x768.png 768w, https://www.soyecoturista.com/asociacion/wp-content/uploads/2025/09/imagen.png 1080w" sizes="auto, (max-width: 447px) 100vw, 447px" /></p>
<p><!-- Botón sin tanto espacio arriba y forzando descarga --><a style="display: inline-block; padding: .8rem 1.2rem; border-radius: 8px; border: 1px solid #ddd; text-decoration: none; margin-top: .5rem;" href="https://www.soyecoturista.com/asociacion/wp-content/uploads/2025/09/imagen-768x768.png" download="imagen.png">Descargar imagen<br />
</a></p>
<p><script>
function descargarImagen(url, nombre) {
  const a = document.createElement("a");
  a.href = url;
  a.setAttribute("download", nombre);
  document.body.appendChild(a);
  a.click();
  document.body.removeChild(a);
}
</script></p>

<p>Fechas: Del 3/10/2025 al 5/10/2025 Centro Sociocultural de El Bejarín – Purullena, Granada (Geoparque de Granada) El curso Guía de Naturaleza en el Geoparque de Granada 2025 es una experiencia [&hellip;]</p>
