{"id":47773,"date":"2025-08-26T12:29:34","date_gmt":"2025-08-26T10:29:34","guid":{"rendered":"https:\/\/www.soyecoturista.com\/asociacion\/?post_type=tribe_events&#038;p=47773"},"modified":"2025-08-29T11:27:29","modified_gmt":"2025-08-29T09:27:29","slug":"delta-birding-festival-2025","status":"publish","type":"tribe_events","link":"https:\/\/www.soyecoturista.com\/asociacion\/event\/delta-birding-festival-2025\/","title":{"rendered":"Delta Birding Festival 2025 | Festival de Ornitolog\u00eda y Naturaleza"},"content":{"rendered":"<p><strong>Fechas:<\/strong> Del 19\/09\/2025 al 21\/09\/2025<\/p>\n<ul class=\"elementor-icon-list-items\">\n<li class=\"elementor-icon-list-item\">Parque Natural del Delta del Ebro, en las instalaciones de M\u00f3n Natura Delta de l\u2019Ebre (Amposta, Tarragona, Espa\u00f1a)<\/li>\n<\/ul>\n<p data-start=\"172\" data-end=\"598\">La XI edici\u00f3n del <strong>Delta Birding Festival<\/strong>, el mayor evento de ornitolog\u00eda y naturaleza del Mediterr\u00e1neo occidental, ofrece un programa \u00fanico para aficionados, familias y profesionales del sector. Durante tres d\u00edas, el Parque Natural del Delta del Ebro se convierte en punto de encuentro para amantes de las aves y del ecoturismo, con un completo calendario de conferencias, talleres, salidas guiadas y actividades educativas.<\/p>\n<p data-start=\"600\" data-end=\"894\">Los visitantes podr\u00e1n participar en <strong>rutas de observaci\u00f3n de aves en plena migraci\u00f3n<\/strong>, probar equipos de \u00f3ptica de \u00faltima generaci\u00f3n, asistir a concursos y exposiciones de fotograf\u00eda y disfrutar de actividades infantiles pensadas para despertar la pasi\u00f3n por la naturaleza en los m\u00e1s peque\u00f1os.<\/p>\n<p data-start=\"896\" data-end=\"1304\">Para los profesionales y especialistas, el festival incluye espacios de <strong>networking<\/strong>, presentaciones de proyectos de conservaci\u00f3n, mesas redondas y una feria con las principales empresas del sector. Con el aval de entidades cient\u00edficas y ambientales de referencia, el <strong>Delta Birding Festival<\/strong> 2025 refuerza su compromiso con la divulgaci\u00f3n, la conservaci\u00f3n y el desarrollo sostenible del turismo de naturaleza.<\/p>\n<ul>\n<li><strong>M\u00e1s informaci\u00f3n: <\/strong><a href=\"https:\/\/deltabirdingfestival.com\/es\/\" target=\"_blank\" rel=\"noopener\">https:\/\/deltabirdingfestival.com\/es\/<\/a><\/li>\n<li><a href=\"https:\/\/terresdelebre.travel\/sites\/terres\/files\/delta_birding_festival_2025_0.jpeg\" target=\"_blank\" rel=\"noopener\">Descargar cartel<\/a><\/li>\n<\/ul>\n<p>&nbsp;<\/p>\n<p><img loading=\"lazy\" decoding=\"async\" class=\"alignnone\" src=\"https:\/\/terresdelebre.travel\/sites\/terres\/files\/delta_birding_festival_2025_0.jpeg\" alt=\"Cartel Delta Birding Festival 2025\" width=\"732\" height=\"915\" \/><\/p>\n","protected":false},"excerpt":{"rendered":"<p>Fechas: Del 19\/09\/2025 al 21\/09\/2025 Parque Natural del Delta del Ebro, en las instalaciones de M\u00f3n Natura Delta de l\u2019Ebre (Amposta, Tarragona, Espa\u00f1a) La XI edici\u00f3n del Delta Birding Festival, [&hellip;]<\/p>\n","protected":false},"author":99,"featured_media":47832,"comment_status":"closed","ping_status":"closed","template":"","meta":{"_acf_changed":false,"_tribe_events_status":"","_tribe_events_status_reason":"","footnotes":""},"tags":[],"tribe_events_cat":[778],"class_list":["post-47773","tribe_events","type-tribe_events","status-publish","has-post-thumbnail","hentry","tribe_events_cat-ecoturistas-y-profesionales","cat_ecoturistas-y-profesionales"],"acf":[],"_links":{"self":[{"href":"https:\/\/www.soyecoturista.com\/asociacion\/wp-json\/wp\/v2\/tribe_events\/47773","targetHints":{"allow":["GET"]}}],"collection":[{"href":"https:\/\/www.soyecoturista.com\/asociacion\/wp-json\/wp\/v2\/tribe_events"}],"about":[{"href":"https:\/\/www.soyecoturista.com\/asociacion\/wp-json\/wp\/v2\/types\/tribe_events"}],"author":[{"embeddable":true,"href":"https:\/\/www.soyecoturista.com\/asociacion\/wp-json\/wp\/v2\/users\/99"}],"replies":[{"embeddable":true,"href":"https:\/\/www.soyecoturista.com\/asociacion\/wp-json\/wp\/v2\/comments?post=47773"}],"version-history":[{"count":4,"href":"https:\/\/www.soyecoturista.com\/asociacion\/wp-json\/wp\/v2\/tribe_events\/47773\/revisions"}],"predecessor-version":[{"id":47834,"href":"https:\/\/www.soyecoturista.com\/asociacion\/wp-json\/wp\/v2\/tribe_events\/47773\/revisions\/47834"}],"wp:featuredmedia":[{"embeddable":true,"href":"https:\/\/www.soyecoturista.com\/asociacion\/wp-json\/wp\/v2\/media\/47832"}],"wp:attachment":[{"href":"https:\/\/www.soyecoturista.com\/asociacion\/wp-json\/wp\/v2\/media?parent=47773"}],"wp:term":[{"taxonomy":"post_tag","embeddable":true,"href":"https:\/\/www.soyecoturista.com\/asociacion\/wp-json\/wp\/v2\/tags?post=47773"},{"taxonomy":"tribe_events_cat","embeddable":true,"href":"https:\/\/www.soyecoturista.com\/asociacion\/wp-json\/wp\/v2\/tribe_events_cat?post=47773"}],"curies":[{"name":"wp","href":"https:\/\/api.w.org\/{rel}","templated":true}]}}

Delta Birding Festival 2025 | Festival de Ornitología y Naturaleza

<p><strong>Fechas:</strong> Del 19/09/2025 al 21/09/2025</p>
<ul class="elementor-icon-list-items">
<li class="elementor-icon-list-item">Parque Natural del Delta del Ebro, en las instalaciones de Món Natura Delta de l’Ebre (Amposta, Tarragona, España)</li>
</ul>
<p data-start="172" data-end="598">La XI edición del <strong>Delta Birding Festival</strong>, el mayor evento de ornitología y naturaleza del Mediterráneo occidental, ofrece un programa único para aficionados, familias y profesionales del sector. Durante tres días, el Parque Natural del Delta del Ebro se convierte en punto de encuentro para amantes de las aves y del ecoturismo, con un completo calendario de conferencias, talleres, salidas guiadas y actividades educativas.</p>
<p data-start="600" data-end="894">Los visitantes podrán participar en <strong>rutas de observación de aves en plena migración</strong>, probar equipos de óptica de última generación, asistir a concursos y exposiciones de fotografía y disfrutar de actividades infantiles pensadas para despertar la pasión por la naturaleza en los más pequeños.</p>
<p data-start="896" data-end="1304">Para los profesionales y especialistas, el festival incluye espacios de <strong>networking</strong>, presentaciones de proyectos de conservación, mesas redondas y una feria con las principales empresas del sector. Con el aval de entidades científicas y ambientales de referencia, el <strong>Delta Birding Festival</strong> 2025 refuerza su compromiso con la divulgación, la conservación y el desarrollo sostenible del turismo de naturaleza.</p>
<ul>
<li><strong>Más información: </strong><a href="https://deltabirdingfestival.com/es/" target="_blank" rel="noopener">https://deltabirdingfestival.com/es/</a></li>
<li><a href="https://terresdelebre.travel/sites/terres/files/delta_birding_festival_2025_0.jpeg" target="_blank" rel="noopener">Descargar cartel</a></li>
</ul>
<p>&nbsp;</p>
<p><img loading="lazy" decoding="async" class="alignnone" src="https://terresdelebre.travel/sites/terres/files/delta_birding_festival_2025_0.jpeg" alt="Cartel Delta Birding Festival 2025" width="732" height="915" /></p>

<p>Fechas: Del 19/09/2025 al 21/09/2025 Parque Natural del Delta del Ebro, en las instalaciones de Món Natura Delta de l’Ebre (Amposta, Tarragona, España) La XI edición del Delta Birding Festival, [&hellip;]</p>
