{"id":47548,"date":"2025-08-04T13:28:10","date_gmt":"2025-08-04T11:28:10","guid":{"rendered":"https:\/\/www.soyecoturista.com\/asociacion\/?post_type=tribe_events&#038;p=47548"},"modified":"2025-08-04T13:29:50","modified_gmt":"2025-08-04T11:29:50","slug":"cielos-subbetica-concurso-fotografia","status":"publish","type":"tribe_events","link":"https:\/\/www.soyecoturista.com\/asociacion\/event\/cielos-subbetica-concurso-fotografia\/","title":{"rendered":"Cielos de la subb\u00e9tica &#8211; Concurso de fotograf\u00eda"},"content":{"rendered":"<p><strong>Fechas:<\/strong> Del 01\/8\/2025 al 15\/10\/2025<\/p>\n<ul class=\"elementor-icon-list-items\">\n<li>Subb\u00e9tica Cordobesa<\/li>\n<\/ul>\n<p data-start=\"81\" data-end=\"374\">La Mancomunidad de la Subb\u00e9tica, reconocida como Destino Starlight por la Fundaci\u00f3n del mismo nombre, ha anunciado el lanzamiento de su Concurso Fotogr\u00e1fico \u201cCielos de la Subb\u00e9tica\u201d, una iniciativa que busca captar la belleza del cielo nocturno sobre los 14 municipios que integran la comarca.<\/p>\n<p data-start=\"376\" data-end=\"727\">Con este certamen, que cuenta con la asistencia t\u00e9cnica de la empresa DXOCIO S.L. y la colaboraci\u00f3n de la Asociaci\u00f3n Fotogr\u00e1fica de Priego de C\u00f3rdoba, se pretende fomentar el astroturismo, concienciar sobre la contaminaci\u00f3n lum\u00ednica y destacar el rico patrimonio astron\u00f3mico de la comarca de la Subb\u00e9tica desde una perspectiva art\u00edstica y divulgativa.<\/p>\n<p data-start=\"937\" data-end=\"1164\">Podr\u00e1n participar en el concurso los aficionados mayores de edad, y se admitir\u00e1n fotograf\u00edas nocturnas de la b\u00f3veda celeste, la luna, la V\u00eda L\u00e1ctea y la hora azul, siempre que est\u00e9n tomadas dentro de la comarca de la Subb\u00e9tica.<\/p>\n<p data-start=\"1166\" data-end=\"1370\">Este concurso se enmarca en las acciones de la Mancomunidad por convertir la observaci\u00f3n astron\u00f3mica en un motor de promoci\u00f3n tur\u00edstica sostenible, respetuosa con el entorno y rica en experiencias \u00fanicas.<\/p>\n<p data-start=\"54\" data-end=\"197\">El Concurso tendr\u00e1 lugar entre el 1 de agosto y el 15 de octubre de 2025, y toda la informaci\u00f3n se encuentra en la web oficial: <a class=\"\" href=\"http:\/\/www.turismodelasubbetica.es\/blogs\" target=\"_new\" rel=\"noopener\" data-start=\"857\" data-end=\"934\">www.turismodelasubbetica.es\/blogs<\/a>.<\/p>\n<p><img loading=\"lazy\" decoding=\"async\" class=\"alignnone size-medium wp-image-47549\" src=\"https:\/\/www.soyecoturista.com\/asociacion\/wp-content\/uploads\/2025\/08\/cartel-concurso-foto-nocturna-003-207x300.jpeg\" alt=\"\" width=\"207\" height=\"300\" srcset=\"https:\/\/www.soyecoturista.com\/asociacion\/wp-content\/uploads\/2025\/08\/cartel-concurso-foto-nocturna-003-207x300.jpeg 207w, https:\/\/www.soyecoturista.com\/asociacion\/wp-content\/uploads\/2025\/08\/cartel-concurso-foto-nocturna-003-708x1024.jpeg 708w, https:\/\/www.soyecoturista.com\/asociacion\/wp-content\/uploads\/2025\/08\/cartel-concurso-foto-nocturna-003-768x1111.jpeg 768w, https:\/\/www.soyecoturista.com\/asociacion\/wp-content\/uploads\/2025\/08\/cartel-concurso-foto-nocturna-003-1062x1536.jpeg 1062w, https:\/\/www.soyecoturista.com\/asociacion\/wp-content\/uploads\/2025\/08\/cartel-concurso-foto-nocturna-003.jpeg 1106w\" sizes=\"auto, (max-width: 207px) 100vw, 207px\" \/><\/p>\n","protected":false},"excerpt":{"rendered":"<p>Fechas: Del 01\/8\/2025 al 15\/10\/2025 Subb\u00e9tica Cordobesa La Mancomunidad de la Subb\u00e9tica, reconocida como Destino Starlight por la Fundaci\u00f3n del mismo nombre, ha anunciado el lanzamiento de su Concurso Fotogr\u00e1fico [&hellip;]<\/p>\n","protected":false},"author":7,"featured_media":47549,"comment_status":"closed","ping_status":"closed","template":"","meta":{"_acf_changed":false,"_tribe_events_status":"","_tribe_events_status_reason":"","footnotes":""},"tags":[],"tribe_events_cat":[776],"class_list":["post-47548","tribe_events","type-tribe_events","status-publish","has-post-thumbnail","hentry","tribe_events_cat-ecoturistas","cat_ecoturistas"],"acf":[],"_links":{"self":[{"href":"https:\/\/www.soyecoturista.com\/asociacion\/wp-json\/wp\/v2\/tribe_events\/47548","targetHints":{"allow":["GET"]}}],"collection":[{"href":"https:\/\/www.soyecoturista.com\/asociacion\/wp-json\/wp\/v2\/tribe_events"}],"about":[{"href":"https:\/\/www.soyecoturista.com\/asociacion\/wp-json\/wp\/v2\/types\/tribe_events"}],"author":[{"embeddable":true,"href":"https:\/\/www.soyecoturista.com\/asociacion\/wp-json\/wp\/v2\/users\/7"}],"replies":[{"embeddable":true,"href":"https:\/\/www.soyecoturista.com\/asociacion\/wp-json\/wp\/v2\/comments?post=47548"}],"version-history":[{"count":1,"href":"https:\/\/www.soyecoturista.com\/asociacion\/wp-json\/wp\/v2\/tribe_events\/47548\/revisions"}],"predecessor-version":[{"id":47550,"href":"https:\/\/www.soyecoturista.com\/asociacion\/wp-json\/wp\/v2\/tribe_events\/47548\/revisions\/47550"}],"wp:featuredmedia":[{"embeddable":true,"href":"https:\/\/www.soyecoturista.com\/asociacion\/wp-json\/wp\/v2\/media\/47549"}],"wp:attachment":[{"href":"https:\/\/www.soyecoturista.com\/asociacion\/wp-json\/wp\/v2\/media?parent=47548"}],"wp:term":[{"taxonomy":"post_tag","embeddable":true,"href":"https:\/\/www.soyecoturista.com\/asociacion\/wp-json\/wp\/v2\/tags?post=47548"},{"taxonomy":"tribe_events_cat","embeddable":true,"href":"https:\/\/www.soyecoturista.com\/asociacion\/wp-json\/wp\/v2\/tribe_events_cat?post=47548"}],"curies":[{"name":"wp","href":"https:\/\/api.w.org\/{rel}","templated":true}]}}

Cielos de la subbética &#8211; Concurso de fotografía

<p><strong>Fechas:</strong> Del 01/8/2025 al 15/10/2025</p>
<ul class="elementor-icon-list-items">
<li>Subbética Cordobesa</li>
</ul>
<p data-start="81" data-end="374">La Mancomunidad de la Subbética, reconocida como Destino Starlight por la Fundación del mismo nombre, ha anunciado el lanzamiento de su Concurso Fotográfico “Cielos de la Subbética”, una iniciativa que busca captar la belleza del cielo nocturno sobre los 14 municipios que integran la comarca.</p>
<p data-start="376" data-end="727">Con este certamen, que cuenta con la asistencia técnica de la empresa DXOCIO S.L. y la colaboración de la Asociación Fotográfica de Priego de Córdoba, se pretende fomentar el astroturismo, concienciar sobre la contaminación lumínica y destacar el rico patrimonio astronómico de la comarca de la Subbética desde una perspectiva artística y divulgativa.</p>
<p data-start="937" data-end="1164">Podrán participar en el concurso los aficionados mayores de edad, y se admitirán fotografías nocturnas de la bóveda celeste, la luna, la Vía Láctea y la hora azul, siempre que estén tomadas dentro de la comarca de la Subbética.</p>
<p data-start="1166" data-end="1370">Este concurso se enmarca en las acciones de la Mancomunidad por convertir la observación astronómica en un motor de promoción turística sostenible, respetuosa con el entorno y rica en experiencias únicas.</p>
<p data-start="54" data-end="197">El Concurso tendrá lugar entre el 1 de agosto y el 15 de octubre de 2025, y toda la información se encuentra en la web oficial: <a class="" href="http://www.turismodelasubbetica.es/blogs" target="_new" rel="noopener" data-start="857" data-end="934">www.turismodelasubbetica.es/blogs</a>.</p>
<p><img loading="lazy" decoding="async" class="alignnone size-medium wp-image-47549" src="https://www.soyecoturista.com/asociacion/wp-content/uploads/2025/08/cartel-concurso-foto-nocturna-003-207x300.jpeg" alt="" width="207" height="300" srcset="https://www.soyecoturista.com/asociacion/wp-content/uploads/2025/08/cartel-concurso-foto-nocturna-003-207x300.jpeg 207w, https://www.soyecoturista.com/asociacion/wp-content/uploads/2025/08/cartel-concurso-foto-nocturna-003-708x1024.jpeg 708w, https://www.soyecoturista.com/asociacion/wp-content/uploads/2025/08/cartel-concurso-foto-nocturna-003-768x1111.jpeg 768w, https://www.soyecoturista.com/asociacion/wp-content/uploads/2025/08/cartel-concurso-foto-nocturna-003-1062x1536.jpeg 1062w, https://www.soyecoturista.com/asociacion/wp-content/uploads/2025/08/cartel-concurso-foto-nocturna-003.jpeg 1106w" sizes="auto, (max-width: 207px) 100vw, 207px" /></p>

<p>Fechas: Del 01/8/2025 al 15/10/2025 Subbética Cordobesa La Mancomunidad de la Subbética, reconocida como Destino Starlight por la Fundación del mismo nombre, ha anunciado el lanzamiento de su Concurso Fotográfico [&hellip;]</p>
