{"id":44781,"date":"2024-07-22T17:26:29","date_gmt":"2024-07-22T15:26:29","guid":{"rendered":"https:\/\/www.soyecoturista.com\/asociacion\/?post_type=tribe_events&#038;p=44781"},"modified":"2024-10-02T12:57:06","modified_gmt":"2024-10-02T10:57:06","slug":"vi-fiesta-ecoturismo-delta-del-ebro","status":"publish","type":"tribe_events","link":"https:\/\/www.soyecoturista.com\/asociacion\/event\/vi-fiesta-ecoturismo-delta-del-ebro\/","title":{"rendered":"VI Fiesta del Ecoturismo del Delta del Ebro"},"content":{"rendered":"<p style=\"text-align: left;\"><strong>Fechas:<\/strong> Del 11\/10\/2024 al 13\/10\/2024<\/p>\n<p>\u00a1Vuelve la cita de referencia del ecoturismo de Catalu\u00f1a!<br \/>\nPreparaos para la VI Fiesta del Ecoturismo del Delta del Ebro, la cita de referencia del ecoturismo de Catalu\u00f1a. Con el t\u00edtulo \u00abEnogastronom\u00eda sostenible\u00bb, este a\u00f1o, pondremos el foco en el posicionamiento de Catalu\u00f1a como \u00abRegi\u00f3n Mundial de la Gastronom\u00eda 2025\u00bb y qu\u00e9 papel puede jugar en ella la Reserva de la Biosfera de les Terres de l\u2019Ebre.<\/p>\n<p>Ser\u00e1 la primera vez que una regi\u00f3n europea recibir\u00e1 esta distinci\u00f3n, confirmando la consolidaci\u00f3n de un modelo tur\u00edstico innovador y regenerativo. Como ejemplo, tan solo hay que ver c\u00f3mo la gastronom\u00eda en nuestras tierras va mucho m\u00e1s all\u00e1 de la simple oferta-demanda en restauraci\u00f3n. Aqu\u00ed, tambi\u00e9n tiene un rol fundamental el descubrimiento del territorio con la producci\u00f3n alimentaria de proximidad, de temporada y de calidad, hecho que es posible gracias a una red intersectorial que implica a agentes de los distintos ecosistemas: el productivo, el gastron\u00f3mico y el tur\u00edstico.<\/p>\n<p>Empresas, organizaciones, administraciones y familias\u2026 os tenemos preparado un activo programa de actividades para que os impliqu\u00e9is y enriquezc\u00e1is estas jornadas con vuestra participaci\u00f3n. Adem\u00e1s, siguiendo con la din\u00e1mica de la pasada edici\u00f3n, muchas de las propuestas est\u00e1n adaptadas y\/o tienen interpretaci\u00f3n en lengua de signos.<\/p>\n<p>Resumen de la 6a edici\u00f3n:<\/p>\n<ul>\n<li><strong>Charlas y mesa redonda: <\/strong>Principalmente durante la jornada del s\u00e1bado, atenderemos puntos de vista muy diferentes gracias a las distintas charlas y a la mesa redonda previstas. Desde el mundo mar\u00edtimo hasta el arrocero, ser\u00e1 muy interesante conocer las experiencias de las ponentes alrededor de la enogastronom\u00eda sostenible. Las charlas y la mesa redonda son de acceso gratuito y libre.<\/li>\n<li><strong>Actividades ecotur\u00edsticas: <\/strong>Tenemos muchas propuestas para que descubr\u00e1is, explor\u00e9is y disfrut\u00e9is del Delta del Ebro de forma consciente y responsable. Salida ornitol\u00f3gica, visita guiada al jard\u00edn bot\u00e1nico medicinal, visita a las mejilloneras de la bah\u00eda del Fangar, ginbike infantil, ruta guiada en bicicleta y con una degustaci\u00f3n, m\u00fasica en directo\u2026 Os recomendamos consultar el programa completo y hacer vuestras inscripciones para no quedaros sin plazas.<\/li>\n<li><strong>Degustaciones de productos locales:<\/strong> El viernes 11, despu\u00e9s de la inauguraci\u00f3n, nos deleitaremos con una degustaci\u00f3n gastron\u00f3mica de tapas de l\u2019Ampolla armonizadas con vinos D. O. Terra Alta. Empezaremos el s\u00e1bado 12 con un almuerzo de proximidad con infusiones, dulces y especialidades locales, y lo finalizaremos con la hora del gin-tonic, donde, al ritmo de m\u00fasica DJ en directo, podr\u00e9is probar la ginebra y el sake elaborados en l\u2019Ampolla. Y, el domingo 13, nos espera una deliciosa baldanada (fiesta con la morcilla t\u00edpica de la regi\u00f3n), que ser\u00e1 el final perfecto despu\u00e9s de la bicicletada popular y de la marcha cicloturista. \u00a1Ah! Y como novedad de la 6.a edici\u00f3n, durante el fin de semana, varios restaurantes del Delta del Ebro ofrecer\u00e1n <strong>men\u00fas gastron\u00f3micos sostenibles<\/strong>. \u00a1Pod\u00e9is consultar la lista en el programa!<\/li>\n<li><strong>Bicicletada popular y marcha cicloturista: <\/strong>Como ya es tradici\u00f3n, el domingo disfrutaremos del Delta del Ebro a golpe de pedal, pero, este a\u00f1o, \u00a1lo haremos un poco diferente! En lugar de la salida conjunta y simult\u00e1nea, lo que haremos ser\u00e1: por un lado, una bicicletada popular guiada recomendada para todos los p\u00fablicos (dificultad baja), y, por otro lado, una marcha cicloturista tambi\u00e9n guiada, pero recomendada para deportistas habituales (dificultad alta). Adem\u00e1s, al finalizar ambas salidas, \u00a1disfrutaremos de una sabrosa baldanada! \u00a1Inscrib\u00edos cuanto antes!<\/li>\n<li><strong>Puertas abiertas en los museos: <\/strong>\u00a1Un a\u00f1o m\u00e1s, diferentes equipamientos, museos y centros de interpretaci\u00f3n abrir\u00e1n sus puertas durante el fin de semana con motivo de la VI Fiesta del Ecoturismo del Delta del Ebro! De nuevo, M\u00f3nNatura Delta ofrecer\u00e1 un 50 % de descuento aplicable a la tarifa de adulto en algunas de las visitas al centro. \u00a1Encontrar\u00e9is la relaci\u00f3n de equipamientos en el programa!<\/li>\n<\/ul>\n<p>\u00a1Consulta todos los detalles del programa de la VI Fiesta del Ecoturismo del Delta del Ebro!<\/p>\n<ul>\n<li>P\u00e1gina web: <a href=\"https:\/\/deltadelebreecoturisme.com\/es\/fiesta-ecoturismo-2024\/\" target=\"_blank\" rel=\"noopener\">https:\/\/deltadelebreecoturisme.com\/es\/fiesta-ecoturismo-2024\/\u00a0<\/a><\/li>\n<li>Tem\u00e1tica: <a href=\"https:\/\/deltadelebreecoturisme.com\/es\/fiesta-ecoturismo-delta-del-ebro-2024\/\" target=\"_blank\" rel=\"noopener\">https:\/\/deltadelebreecoturisme.com\/es\/fiesta-ecoturismo-delta-del-ebro-2024\/<\/a><\/li>\n<li>Programa: <a href=\"https:\/\/deltadelebreecoturisme.com\/es\/fiesta-ecoturismo-2024\/#programa\" target=\"_blank\" rel=\"noopener\">https:\/\/deltadelebreecoturisme.com\/es\/fiesta-ecoturismo-2024\/#programa\u00a0<\/a><\/li>\n<\/ul>\n<p><strong>Punto de encuentro imprescindible<\/strong><br \/>\nLa Fiesta del Ecoturismo del Delta del Ebro es una iniciativa de la Asociaci\u00f3n de Empresas de Ecoturismo del Delta del Ebro (AEEDE). Desde sus inicios, los objetivos de la fiesta han sido la promoci\u00f3n responsable del territorio, el fomento del ecoturismo para el descubrimiento y disfrute de los espacios naturales, la preservaci\u00f3n del medio ambiente, y la mejora del bienestar de la ciudadan\u00eda deltaica.<\/p>\n<p>Siendo esta su 6.a edici\u00f3n, la fiesta se consolida como la cita de referencia del ecoturismo de Catalu\u00f1a para el debate entre administraciones, el sector privado y las organizaciones, pero tambi\u00e9n est\u00e1 abierta a todas las personas que escogen otra forma de descubrir el territorio: con conciencia y desde la sostenibilidad.<\/p>\n<p>La Fiesta del Ecoturismo del Delta del Ebro es un ejemplo de la trascendencia que en los \u00faltimos a\u00f1os ha tomado esta modalidad de turismo m\u00e1s consciente y sostenible. Como ejemplo de ello y de las acciones realizadas por la AEEDE en nuestro continuo trabajo por el desarrollo tur\u00edstico responsable y comprometido en el territorio, hemos creado e impulsado la marca sello Delta del Ebro Ecoturismo, un proyecto que posiciona el Delta del Ebro como destinaci\u00f3n de ecoturismo de calidad durante todo el a\u00f1o. Asimismo, en 2019, impulsamos y participamos en el II Foro de Ecoturismo de Catalu\u00f1a, celebrado en Deltebre.<\/p>\n<p><strong>Cartel:<\/strong><\/p>\n<p><img loading=\"lazy\" decoding=\"async\" class=\"alignnone wp-image-45204 size-full\" src=\"https:\/\/www.soyecoturista.com\/asociacion\/wp-content\/uploads\/2024\/07\/Festa-Ecoturisme-2024_impressio.png\" alt=\"Cartel VI Fiesta del Ecoturismo del Delta del Ebro\" width=\"3579\" height=\"5032\" srcset=\"https:\/\/www.soyecoturista.com\/asociacion\/wp-content\/uploads\/2024\/07\/Festa-Ecoturisme-2024_impressio.png 3579w, https:\/\/www.soyecoturista.com\/asociacion\/wp-content\/uploads\/2024\/07\/Festa-Ecoturisme-2024_impressio-213x300.png 213w, https:\/\/www.soyecoturista.com\/asociacion\/wp-content\/uploads\/2024\/07\/Festa-Ecoturisme-2024_impressio-728x1024.png 728w, https:\/\/www.soyecoturista.com\/asociacion\/wp-content\/uploads\/2024\/07\/Festa-Ecoturisme-2024_impressio-768x1080.png 768w, https:\/\/www.soyecoturista.com\/asociacion\/wp-content\/uploads\/2024\/07\/Festa-Ecoturisme-2024_impressio-1092x1536.png 1092w, https:\/\/www.soyecoturista.com\/asociacion\/wp-content\/uploads\/2024\/07\/Festa-Ecoturisme-2024_impressio-1457x2048.png 1457w\" sizes=\"auto, (max-width: 3579px) 100vw, 3579px\" \/><\/p>\n<p><strong>Organiza:<\/strong> Asociaci\u00f3n de Empresas de Ecoturismo del Delta del Ebro<\/p>\n<p><strong>Colabora:<\/strong> Ayuntamiento de l\u2019Ampolla, Ayuntamiento de Amposta, Ayuntamiento de l\u2019Aldea, Ayuntamiento de Camarles, Ayuntamiento de Deltebre, EMD Els Muntells, Ayuntamiento de la R\u00e0pita, Ayuntamiento de Sant Jaume d\u2019Enveja, Federaci\u00f3n EUROPARC, Club de Ecoturismo de Espa\u00f1a, Parque Natural del Delta del Ebro, Agencia Catalana de Turismo, Reserva de la Biosfera de les Terres de l\u2019Ebre, Patronato de Turismo de la Diputaci\u00f3n de Tarragona<\/p>\n","protected":false},"excerpt":{"rendered":"<p>Fechas: Del 11\/10\/2024 al 13\/10\/2024 \u00a1Vuelve la cita de referencia del ecoturismo de Catalu\u00f1a! Preparaos para la VI Fiesta del Ecoturismo del Delta del Ebro, la cita de referencia del [&hellip;]<\/p>\n","protected":false},"author":6,"featured_media":0,"comment_status":"closed","ping_status":"closed","template":"","meta":{"_acf_changed":false,"_tribe_events_status":"","_tribe_events_status_reason":"","footnotes":""},"tags":[],"tribe_events_cat":[778],"class_list":["post-44781","tribe_events","type-tribe_events","status-publish","hentry","tribe_events_cat-ecoturistas-y-profesionales","cat_ecoturistas-y-profesionales"],"acf":[],"_links":{"self":[{"href":"https:\/\/www.soyecoturista.com\/asociacion\/wp-json\/wp\/v2\/tribe_events\/44781","targetHints":{"allow":["GET"]}}],"collection":[{"href":"https:\/\/www.soyecoturista.com\/asociacion\/wp-json\/wp\/v2\/tribe_events"}],"about":[{"href":"https:\/\/www.soyecoturista.com\/asociacion\/wp-json\/wp\/v2\/types\/tribe_events"}],"author":[{"embeddable":true,"href":"https:\/\/www.soyecoturista.com\/asociacion\/wp-json\/wp\/v2\/users\/6"}],"replies":[{"embeddable":true,"href":"https:\/\/www.soyecoturista.com\/asociacion\/wp-json\/wp\/v2\/comments?post=44781"}],"version-history":[{"count":4,"href":"https:\/\/www.soyecoturista.com\/asociacion\/wp-json\/wp\/v2\/tribe_events\/44781\/revisions"}],"predecessor-version":[{"id":45206,"href":"https:\/\/www.soyecoturista.com\/asociacion\/wp-json\/wp\/v2\/tribe_events\/44781\/revisions\/45206"}],"wp:attachment":[{"href":"https:\/\/www.soyecoturista.com\/asociacion\/wp-json\/wp\/v2\/media?parent=44781"}],"wp:term":[{"taxonomy":"post_tag","embeddable":true,"href":"https:\/\/www.soyecoturista.com\/asociacion\/wp-json\/wp\/v2\/tags?post=44781"},{"taxonomy":"tribe_events_cat","embeddable":true,"href":"https:\/\/www.soyecoturista.com\/asociacion\/wp-json\/wp\/v2\/tribe_events_cat?post=44781"}],"curies":[{"name":"wp","href":"https:\/\/api.w.org\/{rel}","templated":true}]}}

<p style="text-align: left;"><strong>Fechas:</strong> Del 11/10/2024 al 13/10/2024</p>
<p>¡Vuelve la cita de referencia del ecoturismo de Cataluña!<br />
Preparaos para la VI Fiesta del Ecoturismo del Delta del Ebro, la cita de referencia del ecoturismo de Cataluña. Con el título «Enogastronomía sostenible», este año, pondremos el foco en el posicionamiento de Cataluña como «Región Mundial de la Gastronomía 2025» y qué papel puede jugar en ella la Reserva de la Biosfera de les Terres de l’Ebre.</p>
<p>Será la primera vez que una región europea recibirá esta distinción, confirmando la consolidación de un modelo turístico innovador y regenerativo. Como ejemplo, tan solo hay que ver cómo la gastronomía en nuestras tierras va mucho más allá de la simple oferta-demanda en restauración. Aquí, también tiene un rol fundamental el descubrimiento del territorio con la producción alimentaria de proximidad, de temporada y de calidad, hecho que es posible gracias a una red intersectorial que implica a agentes de los distintos ecosistemas: el productivo, el gastronómico y el turístico.</p>
<p>Empresas, organizaciones, administraciones y familias… os tenemos preparado un activo programa de actividades para que os impliquéis y enriquezcáis estas jornadas con vuestra participación. Además, siguiendo con la dinámica de la pasada edición, muchas de las propuestas están adaptadas y/o tienen interpretación en lengua de signos.</p>
<p>Resumen de la 6a edición:</p>
<ul>
<li><strong>Charlas y mesa redonda: </strong>Principalmente durante la jornada del sábado, atenderemos puntos de vista muy diferentes gracias a las distintas charlas y a la mesa redonda previstas. Desde el mundo marítimo hasta el arrocero, será muy interesante conocer las experiencias de las ponentes alrededor de la enogastronomía sostenible. Las charlas y la mesa redonda son de acceso gratuito y libre.</li>
<li><strong>Actividades ecoturísticas: </strong>Tenemos muchas propuestas para que descubráis, exploréis y disfrutéis del Delta del Ebro de forma consciente y responsable. Salida ornitológica, visita guiada al jardín botánico medicinal, visita a las mejilloneras de la bahía del Fangar, ginbike infantil, ruta guiada en bicicleta y con una degustación, música en directo… Os recomendamos consultar el programa completo y hacer vuestras inscripciones para no quedaros sin plazas.</li>
<li><strong>Degustaciones de productos locales:</strong> El viernes 11, después de la inauguración, nos deleitaremos con una degustación gastronómica de tapas de l’Ampolla armonizadas con vinos D. O. Terra Alta. Empezaremos el sábado 12 con un almuerzo de proximidad con infusiones, dulces y especialidades locales, y lo finalizaremos con la hora del gin-tonic, donde, al ritmo de música DJ en directo, podréis probar la ginebra y el sake elaborados en l’Ampolla. Y, el domingo 13, nos espera una deliciosa baldanada (fiesta con la morcilla típica de la región), que será el final perfecto después de la bicicletada popular y de la marcha cicloturista. ¡Ah! Y como novedad de la 6.a edición, durante el fin de semana, varios restaurantes del Delta del Ebro ofrecerán <strong>menús gastronómicos sostenibles</strong>. ¡Podéis consultar la lista en el programa!</li>
<li><strong>Bicicletada popular y marcha cicloturista: </strong>Como ya es tradición, el domingo disfrutaremos del Delta del Ebro a golpe de pedal, pero, este año, ¡lo haremos un poco diferente! En lugar de la salida conjunta y simultánea, lo que haremos será: por un lado, una bicicletada popular guiada recomendada para todos los públicos (dificultad baja), y, por otro lado, una marcha cicloturista también guiada, pero recomendada para deportistas habituales (dificultad alta). Además, al finalizar ambas salidas, ¡disfrutaremos de una sabrosa baldanada! ¡Inscribíos cuanto antes!</li>
<li><strong>Puertas abiertas en los museos: </strong>¡Un año más, diferentes equipamientos, museos y centros de interpretación abrirán sus puertas durante el fin de semana con motivo de la VI Fiesta del Ecoturismo del Delta del Ebro! De nuevo, MónNatura Delta ofrecerá un 50 % de descuento aplicable a la tarifa de adulto en algunas de las visitas al centro. ¡Encontraréis la relación de equipamientos en el programa!</li>
</ul>
<p>¡Consulta todos los detalles del programa de la VI Fiesta del Ecoturismo del Delta del Ebro!</p>
<ul>
<li>Página web: <a href="https://deltadelebreecoturisme.com/es/fiesta-ecoturismo-2024/" target="_blank" rel="noopener">https://deltadelebreecoturisme.com/es/fiesta-ecoturismo-2024/ </a></li>
<li>Temática: <a href="https://deltadelebreecoturisme.com/es/fiesta-ecoturismo-delta-del-ebro-2024/" target="_blank" rel="noopener">https://deltadelebreecoturisme.com/es/fiesta-ecoturismo-delta-del-ebro-2024/</a></li>
<li>Programa: <a href="https://deltadelebreecoturisme.com/es/fiesta-ecoturismo-2024/#programa" target="_blank" rel="noopener">https://deltadelebreecoturisme.com/es/fiesta-ecoturismo-2024/#programa </a></li>
</ul>
<p><strong>Punto de encuentro imprescindible</strong><br />
La Fiesta del Ecoturismo del Delta del Ebro es una iniciativa de la Asociación de Empresas de Ecoturismo del Delta del Ebro (AEEDE). Desde sus inicios, los objetivos de la fiesta han sido la promoción responsable del territorio, el fomento del ecoturismo para el descubrimiento y disfrute de los espacios naturales, la preservación del medio ambiente, y la mejora del bienestar de la ciudadanía deltaica.</p>
<p>Siendo esta su 6.a edición, la fiesta se consolida como la cita de referencia del ecoturismo de Cataluña para el debate entre administraciones, el sector privado y las organizaciones, pero también está abierta a todas las personas que escogen otra forma de descubrir el territorio: con conciencia y desde la sostenibilidad.</p>
<p>La Fiesta del Ecoturismo del Delta del Ebro es un ejemplo de la trascendencia que en los últimos años ha tomado esta modalidad de turismo más consciente y sostenible. Como ejemplo de ello y de las acciones realizadas por la AEEDE en nuestro continuo trabajo por el desarrollo turístico responsable y comprometido en el territorio, hemos creado e impulsado la marca sello Delta del Ebro Ecoturismo, un proyecto que posiciona el Delta del Ebro como destinación de ecoturismo de calidad durante todo el año. Asimismo, en 2019, impulsamos y participamos en el II Foro de Ecoturismo de Cataluña, celebrado en Deltebre.</p>
<p><strong>Cartel:</strong></p>
<p><img loading="lazy" decoding="async" class="alignnone wp-image-45204 size-full" src="https://www.soyecoturista.com/asociacion/wp-content/uploads/2024/07/Festa-Ecoturisme-2024_impressio.png" alt="Cartel VI Fiesta del Ecoturismo del Delta del Ebro" width="3579" height="5032" srcset="https://www.soyecoturista.com/asociacion/wp-content/uploads/2024/07/Festa-Ecoturisme-2024_impressio.png 3579w, https://www.soyecoturista.com/asociacion/wp-content/uploads/2024/07/Festa-Ecoturisme-2024_impressio-213x300.png 213w, https://www.soyecoturista.com/asociacion/wp-content/uploads/2024/07/Festa-Ecoturisme-2024_impressio-728x1024.png 728w, https://www.soyecoturista.com/asociacion/wp-content/uploads/2024/07/Festa-Ecoturisme-2024_impressio-768x1080.png 768w, https://www.soyecoturista.com/asociacion/wp-content/uploads/2024/07/Festa-Ecoturisme-2024_impressio-1092x1536.png 1092w, https://www.soyecoturista.com/asociacion/wp-content/uploads/2024/07/Festa-Ecoturisme-2024_impressio-1457x2048.png 1457w" sizes="auto, (max-width: 3579px) 100vw, 3579px" /></p>
<p><strong>Organiza:</strong> Asociación de Empresas de Ecoturismo del Delta del Ebro</p>
<p><strong>Colabora:</strong> Ayuntamiento de l’Ampolla, Ayuntamiento de Amposta, Ayuntamiento de l’Aldea, Ayuntamiento de Camarles, Ayuntamiento de Deltebre, EMD Els Muntells, Ayuntamiento de la Ràpita, Ayuntamiento de Sant Jaume d’Enveja, Federación EUROPARC, Club de Ecoturismo de España, Parque Natural del Delta del Ebro, Agencia Catalana de Turismo, Reserva de la Biosfera de les Terres de l’Ebre, Patronato de Turismo de la Diputación de Tarragona</p>

<p>Fechas: Del 11/10/2024 al 13/10/2024 ¡Vuelve la cita de referencia del ecoturismo de Cataluña! Preparaos para la VI Fiesta del Ecoturismo del Delta del Ebro, la cita de referencia del [&hellip;]</p>
