{"id":10001880,"date":"2026-08-31T14:23:00","date_gmt":"2026-08-31T12:23:00","guid":{"rendered":"https:\/\/www.soyecoturista.com\/asociacion\/?post_type=tribe_events&#038;p=50566"},"modified":"2026-08-31T14:35:06","modified_gmt":"2026-08-31T12:35:06","slug":"ruta-sega-26","status":"publish","type":"tribe_events","link":"https:\/\/www.soyecoturista.com\/asociacion\/event\/ruta-sega-26\/2026-09-13\/","title":{"rendered":"La Ruta de la Sega 2026 | Fiestas de la Siega del Arroz del Delta del Ebro"},"content":{"rendered":"<p><strong>Fechas: <\/strong><\/p>\n<ul>\n<li>Domingo 6 de septiembre \u00b7 Sant Jaume d&#8217;Enveja <strong>(Zona antiga magatzems C\u00e1mara Arrocera del Montsi\u00e0)<\/strong><\/li>\n<li>Domingo 13 de septiembre \u00b7 Deltebre <strong>(Finca Bombita)<\/strong><\/li>\n<li>S\u00e1bado 19 de septiembre \u00b7 La R\u00e0pita<strong> (Zona R\u00f3tula Delta)<\/strong><\/li>\n<li>Domingo 20 de septiembre<strong> \u00b7 <\/strong>L&#8217;Ampolla<strong> (Port Pesquer)<\/strong><\/li>\n<li>Domingo 20 de septiembre<strong> \u00b7 <\/strong>Camarles<strong> (La Torra)<\/strong><\/li>\n<li>Domingo 27 de septiembre <strong>\u00b7 <\/strong>L&#8217;Aldea<strong> (L&#8217;Ermita)<\/strong><\/li>\n<li>Domingo 4 de octubre \u00b7 Amposta <strong>(L&#8217;Estany \u2013 Casa de Fusta)<\/strong><\/li>\n<\/ul>\n<p dir=\"ltr\"><strong>La Ruta de la Sega<\/strong> recorre cada oto\u00f1o los siete municipios del Delta del Ebro para celebrar uno de los momentos m\u00e1s ic\u00f3nicos del calendario deltaico: la <strong>siega del arroz<\/strong>. Estas fiestas tradicionales, declaradas de gran inter\u00e9s tur\u00edstico, recuperan las t\u00e9cnicas ancestrales de la recolecci\u00f3n del arroz en un paisaje \u00fanico \u2014el mayor humedal de Catalu\u00f1a y uno de los enclaves m\u00e1s importantes de Europa para la avifauna\u2014 convirtiendo el trabajo agr\u00edcola en una celebraci\u00f3n colectiva de identidad, cultura y territorio.<\/p>\n<p dir=\"ltr\">Cada municipio organiza su propia jornada festiva, con demostraciones de siega tradicional, actividades culturales y una destacada <strong>oferta gastron\u00f3mica<\/strong> en sus restaurantes durante las Jornadas Gastron\u00f3micas del Arroz. Los visitantes pueden adem\u00e1s participar en el <strong>Pasaporte de Fidelizaci\u00f3n de la Ruta<\/strong>, sellando su paso por cada localidad participante para completar la experiencia. Una oportunidad perfecta para descubrir el Delta del Ebro en su momento m\u00e1s aut\u00e9ntico, cuando los arrozales cambian de color y toda la comarca se vuelca en la tradici\u00f3n que la define.<\/p>\n<p dir=\"ltr\">El arroz del Delta del Ebro cuenta con <strong>Denominaci\u00f3n de Origen Protegida<\/strong> desde hace d\u00e9cadas, siendo el primer productor estatal de arroz con DOP.<\/p>\n<p class=\"font-claude-response-body break-words whitespace-normal leading-[1.7]\"><strong>M\u00e1s informaci\u00f3n<\/strong><\/p>\n<ul>\n<li>\n<p dir=\"auto\"><a href=\"https:\/\/do-deltadelebre.com\/la-ruta-de-la-sega\/\" target=\"_blank\" rel=\"noopener\">M\u00e1s informaci\u00f3n e inscripciones<\/a><\/p>\n<\/li>\n<\/ul>\n<div style=\"text-align: center; margin: 0 auto 2rem;\"><\/div>\n<div><img loading=\"lazy\" decoding=\"async\" class=\"size-full wp-image-50567 aligncenter\" src=\"https:\/\/www.soyecoturista.com\/asociacion\/wp-content\/uploads\/2026\/08\/17A-6A831100-1-C816FC0.png\" alt=\"\" width=\"478\" height=\"598\" srcset=\"https:\/\/www.soyecoturista.com\/asociacion\/wp-content\/uploads\/2026\/08\/17A-6A831100-1-C816FC0.png 478w, https:\/\/www.soyecoturista.com\/asociacion\/wp-content\/uploads\/2026\/08\/17A-6A831100-1-C816FC0-240x300.png 240w\" sizes=\"auto, (max-width: 478px) 100vw, 478px\" \/><\/div>\n","protected":false},"excerpt":{"rendered":"<p>Fechas: Domingo 6 de septiembre \u00b7 Sant Jaume d&#8217;Enveja (Zona antiga magatzems C\u00e1mara Arrocera del Montsi\u00e0) Domingo 13 de septiembre \u00b7 Deltebre (Finca Bombita) S\u00e1bado 19 de septiembre \u00b7 La [&hellip;]<\/p>\n","protected":false},"author":99,"featured_media":50568,"comment_status":"closed","ping_status":"closed","template":"","meta":{"_acf_changed":false,"_tribe_events_status":"","_tribe_events_status_reason":"","footnotes":""},"tags":[1099,9,134,1664,11,14,1439,33,1499,16,1061,26,105,1660,808,1638,726,670,63,1662,106],"tribe_events_cat":[776],"class_list":["post-10001880","tribe_events","type-tribe_events","status-publish","has-post-thumbnail","hentry","tag-cataluna","tag-club-ecoturismo","tag-delta-del-ebro","tag-dop","tag-ecoturismo","tag-ecoturismo-en-espana","tag-educacion-ambiental","tag-espacios-protegidos","tag-eventos","tag-naturaleza","tag-parque-natural","tag-parques-nacionales","tag-reserva-biosfera","tag-siega-del-arroz","tag-soyecoturista-2","tag-tarragona","tag-terres-de-lebre","tag-tradiciones","tag-turismo-de-naturaleza","tag-turismo-gastronomico","tag-turismo-sostenible","tribe_events_cat-ecoturistas","cat_ecoturistas","tribe-recurring-event","tribe-recurring-event-parent"],"acf":[],"_links":{"self":[{"href":"https:\/\/www.soyecoturista.com\/asociacion\/wp-json\/wp\/v2\/tribe_events\/10001880","targetHints":{"allow":["GET"]}}],"collection":[{"href":"https:\/\/www.soyecoturista.com\/asociacion\/wp-json\/wp\/v2\/tribe_events"}],"about":[{"href":"https:\/\/www.soyecoturista.com\/asociacion\/wp-json\/wp\/v2\/types\/tribe_events"}],"author":[{"embeddable":true,"href":"https:\/\/www.soyecoturista.com\/asociacion\/wp-json\/wp\/v2\/users\/99"}],"replies":[{"embeddable":true,"href":"https:\/\/www.soyecoturista.com\/asociacion\/wp-json\/wp\/v2\/comments?post=10001880"}],"version-history":[{"count":0,"href":"https:\/\/www.soyecoturista.com\/asociacion\/wp-json\/wp\/v2\/tribe_events\/10001880\/revisions"}],"wp:featuredmedia":[{"embeddable":true,"href":"https:\/\/www.soyecoturista.com\/asociacion\/wp-json\/wp\/v2\/media\/50568"}],"wp:attachment":[{"href":"https:\/\/www.soyecoturista.com\/asociacion\/wp-json\/wp\/v2\/media?parent=10001880"}],"wp:term":[{"taxonomy":"post_tag","embeddable":true,"href":"https:\/\/www.soyecoturista.com\/asociacion\/wp-json\/wp\/v2\/tags?post=10001880"},{"taxonomy":"tribe_events_cat","embeddable":true,"href":"https:\/\/www.soyecoturista.com\/asociacion\/wp-json\/wp\/v2\/tribe_events_cat?post=10001880"}],"curies":[{"name":"wp","href":"https:\/\/api.w.org\/{rel}","templated":true}]}}

<p><strong>Fechas: </strong></p>
<ul>
<li>Domingo 6 de septiembre · Sant Jaume d&#8217;Enveja <strong>(Zona antiga magatzems Cámara Arrocera del Montsià)</strong></li>
<li>Domingo 13 de septiembre · Deltebre <strong>(Finca Bombita)</strong></li>
<li>Sábado 19 de septiembre · La Ràpita<strong> (Zona Rótula Delta)</strong></li>
<li>Domingo 20 de septiembre<strong> · </strong>L&#8217;Ampolla<strong> (Port Pesquer)</strong></li>
<li>Domingo 20 de septiembre<strong> · </strong>Camarles<strong> (La Torra)</strong></li>
<li>Domingo 27 de septiembre <strong>· </strong>L&#8217;Aldea<strong> (L&#8217;Ermita)</strong></li>
<li>Domingo 4 de octubre · Amposta <strong>(L&#8217;Estany – Casa de Fusta)</strong></li>
</ul>
<p dir="ltr"><strong>La Ruta de la Sega</strong> recorre cada otoño los siete municipios del Delta del Ebro para celebrar uno de los momentos más icónicos del calendario deltaico: la <strong>siega del arroz</strong>. Estas fiestas tradicionales, declaradas de gran interés turístico, recuperan las técnicas ancestrales de la recolección del arroz en un paisaje único —el mayor humedal de Cataluña y uno de los enclaves más importantes de Europa para la avifauna— convirtiendo el trabajo agrícola en una celebración colectiva de identidad, cultura y territorio.</p>
<p dir="ltr">Cada municipio organiza su propia jornada festiva, con demostraciones de siega tradicional, actividades culturales y una destacada <strong>oferta gastronómica</strong> en sus restaurantes durante las Jornadas Gastronómicas del Arroz. Los visitantes pueden además participar en el <strong>Pasaporte de Fidelización de la Ruta</strong>, sellando su paso por cada localidad participante para completar la experiencia. Una oportunidad perfecta para descubrir el Delta del Ebro en su momento más auténtico, cuando los arrozales cambian de color y toda la comarca se vuelca en la tradición que la define.</p>
<p dir="ltr">El arroz del Delta del Ebro cuenta con <strong>Denominación de Origen Protegida</strong> desde hace décadas, siendo el primer productor estatal de arroz con DOP.</p>
<p class="font-claude-response-body break-words whitespace-normal leading-[1.7]"><strong>Más información</strong></p>
<ul>
<li>
<p dir="auto"><a href="https://do-deltadelebre.com/la-ruta-de-la-sega/" target="_blank" rel="noopener">Más información e inscripciones</a></p>
</li>
</ul>
<div style="text-align: center; margin: 0 auto 2rem;"></div>
<div><img loading="lazy" decoding="async" class="size-full wp-image-50567 aligncenter" src="https://www.soyecoturista.com/asociacion/wp-content/uploads/2026/08/17A-6A831100-1-C816FC0.png" alt="" width="478" height="598" srcset="https://www.soyecoturista.com/asociacion/wp-content/uploads/2026/08/17A-6A831100-1-C816FC0.png 478w, https://www.soyecoturista.com/asociacion/wp-content/uploads/2026/08/17A-6A831100-1-C816FC0-240x300.png 240w" sizes="auto, (max-width: 478px) 100vw, 478px" /></div>

<p>Fechas: Domingo 6 de septiembre · Sant Jaume d&#8217;Enveja (Zona antiga magatzems Cámara Arrocera del Montsià) Domingo 13 de septiembre · Deltebre (Finca Bombita) Sábado 19 de septiembre · La [&hellip;]</p>
